{"id":209,"date":"2019-01-17T13:50:21","date_gmt":"2019-01-17T12:50:21","guid":{"rendered":"https:\/\/www.svmed.ch\/blog-svm\/?page_id=209"},"modified":"2020-04-02T16:52:18","modified_gmt":"2020-04-02T14:52:18","slug":"a-propos","status":"publish","type":"page","link":"https:\/\/www.svmed.ch\/blog\/a-propos\/","title":{"rendered":"A propos"},"content":{"rendered":"<div class=\"the-content\"><p>Le Blog des m\u00e9decins vaudois a pour objectif principal d\u2019offrir \u00e0 la communaut\u00e9 m\u00e9dicale vaudoise une plateforme contemporaine d\u2019expression, d\u2019\u00e9changes et de d\u00e9bat d\u2019id\u00e9es sur les sujets qui la concernent.<\/p>\n<p>Le blog est mis \u00e0 disposition et mod\u00e9r\u00e9 par la Soci\u00e9t\u00e9 vaudoise de m\u00e9decine (SVM). Aucune ligne \u00e9ditoriale n\u2019est impos\u00e9e en termes de choix des sujets et d\u2019angle r\u00e9dactionnel, ainsi que de style d\u2019\u00e9criture ou de taille des articles. Une <a href=\"https:\/\/www.svmed.ch\/blog\/charte\/\">charte r\u00e9dactionnelle<\/a> d\u00e9crit n\u00e9anmoins les r\u00e8gles de base du fonctionnement de ce blog.<\/p>\n<p>Pour toute question concernant ce blog : <a href=\"javascript:DeCryptX('0b3o2q2i2B2u0v3p0e3g313f3k')\">b&#108;&#111;g&#64;s&#118;&#109;&#101;d.&#99;&#104;<\/a><\/p>\n<\/div>","protected":false},"excerpt":{"rendered":"<p>Le Blog des m\u00e9decins vaudois a pour objectif principal d\u2019offrir \u00e0 la communaut\u00e9 m\u00e9dicale vaudoise une plateforme contemporaine d\u2019expression, d\u2019\u00e9changes et de d\u00e9bat d\u2019id\u00e9es sur les sujets qui la concernent. Le blog est mis \u00e0 disposition et mod\u00e9r\u00e9 par la Soci\u00e9t\u00e9 vaudoise de m\u00e9decine (SVM). Aucune ligne \u00e9ditoriale n\u2019est impos\u00e9e en termes de choix des [&hellip;]<\/p>\n","protected":false},"author":1,"featured_media":0,"parent":0,"menu_order":0,"comment_status":"closed","ping_status":"closed","template":"","meta":{"_acf_changed":false,"inline_featured_image":false,"footnotes":""},"class_list":["post-209","page","type-page","status-publish","hentry"],"acf":[],"publishpress_future_action":{"enabled":false,"date":"2026-07-09 16:09:27","action":"change-status","newStatus":"draft","terms":[],"taxonomy":"","extraData":[]},"publishpress_future_workflow_manual_trigger":{"enabledWorkflows":[]},"_links":{"self":[{"href":"https:\/\/www.svmed.ch\/blog\/wp-json\/wp\/v2\/pages\/209","targetHints":{"allow":["GET"]}}],"collection":[{"href":"https:\/\/www.svmed.ch\/blog\/wp-json\/wp\/v2\/pages"}],"about":[{"href":"https:\/\/www.svmed.ch\/blog\/wp-json\/wp\/v2\/types\/page"}],"author":[{"embeddable":true,"href":"https:\/\/www.svmed.ch\/blog\/wp-json\/wp\/v2\/users\/1"}],"replies":[{"embeddable":true,"href":"https:\/\/www.svmed.ch\/blog\/wp-json\/wp\/v2\/comments?post=209"}],"version-history":[{"count":7,"href":"https:\/\/www.svmed.ch\/blog\/wp-json\/wp\/v2\/pages\/209\/revisions"}],"predecessor-version":[{"id":355,"href":"https:\/\/www.svmed.ch\/blog\/wp-json\/wp\/v2\/pages\/209\/revisions\/355"}],"wp:attachment":[{"href":"https:\/\/www.svmed.ch\/blog\/wp-json\/wp\/v2\/media?parent=209"}],"curies":[{"name":"wp","href":"https:\/\/api.w.org\/{rel}","templated":true}]}}