{"id":2,"date":"2019-01-18T09:23:38","date_gmt":"2019-01-18T08:23:38","guid":{"rendered":"https:\/\/www.svmed.ch\/gpvaud\/?page_id=2"},"modified":"2022-10-06T08:08:00","modified_gmt":"2022-10-06T06:08:00","slug":"page-d-exemple","status":"publish","type":"page","link":"https:\/\/www.svmed.ch\/ggvaud\/","title":{"rendered":"Accueil"},"content":{"rendered":"<div class=\"the-content\"><p>Le Groupement des Gastroent\u00e9rologues Vaudois (GGV) est une association au sens des articles 60 et suivants du Code Civil Suisse, et un groupement au sens des articles 27 et suivants des statuts de la Soci\u00e9t\u00e9 Vaudoise de M\u00e9decine (SVM).<\/p>\n<p>Ce site a pour but :<\/p>\n<ul>\n<li>De diffuser la Liste de Garde de Gastroent\u00e9rologie, \u00e0 l\u2019usage exclusif des h\u00f4pitaux vaudois, des permanences m\u00e9dico-chirurgicale vaudoises et des cliniques priv\u00e9es vaudoises<br \/>\nDe diffuser des documents et informations \u00e0 l\u2019usage exclusif des gastroent\u00e9rologues vaudois<br \/>\nDe diffuser des documents pour les vaudois\/vaudoises en relation avec notre sp\u00e9cialit\u00e9 (\u00e0 venir)<\/li>\n<\/ul>\n<p style=\"text-align: center;\"><a class=\"maxbutton-1 maxbutton maxbutton-bouton-par-defaut\" target=\"_blank\" rel=\"noopener\" href=\"http:\/\/flon.co\/ggvgarde\"><span class='mb-text'>Liste de garde<\/span><\/a>\u00a0<a class=\"maxbutton-1 maxbutton maxbutton-bouton-par-defaut\" target=\"_blank\" rel=\"noopener\" href=\"http:\/\/flon.co\/ggv\"><span class='mb-text'>PORTAIL S\u00c9CURIS\u00c9 r\u00e9serv\u00e9 aux membres du GGVaud<\/span><\/a><\/p>\n<p>Le calendrier de la liste de garde Vaud concerne les Groupements Hospitaliers suivants : eHnv, EHC, GHOL. Les cliniques priv\u00e9es La Source et Cecil peuvent aussi faire appel au piquet.<br \/>\nLe piquet d\u2019urgence est atteignable du lundi au vendredi de 18h \u00e0 8h et les samedi-dimanche-f\u00e9ri\u00e9s de 8h \u00e0 8h.<br \/>\nLes crit\u00e8res d\u2019intervention des gastroent\u00e9rologues de piquet sont d\u00e9taill\u00e9s dans la section \u00ab informations sur le groupement \u00bb.<\/p>\n<p>Le gastroent\u00e9rologue de garde de l\u2019HRC-Rennaz est atteignable en contactant le 058 773 21 12<\/p>\n<p>&nbsp;<\/p>\n<p><img loading=\"lazy\" decoding=\"async\" class=\" wp-image-56 aligncenter\" src=\"https:\/\/www.svmed.ch\/ggvaud\/wp-content\/uploads\/sites\/11\/2019\/04\/axe-hepato-gastro-enterologie-1040x740-c-123rf-abhijithar-grande-300x213.jpg\" alt=\"\" width=\"461\" height=\"328\" srcset=\"https:\/\/www.svmed.ch\/ggvaud\/wp-content\/uploads\/sites\/11\/2019\/04\/axe-hepato-gastro-enterologie-1040x740-c-123rf-abhijithar-grande-300x213.jpg 300w, https:\/\/www.svmed.ch\/ggvaud\/wp-content\/uploads\/sites\/11\/2019\/04\/axe-hepato-gastro-enterologie-1040x740-c-123rf-abhijithar-grande-768x546.jpg 768w, https:\/\/www.svmed.ch\/ggvaud\/wp-content\/uploads\/sites\/11\/2019\/04\/axe-hepato-gastro-enterologie-1040x740-c-123rf-abhijithar-grande-1024x729.jpg 1024w, https:\/\/www.svmed.ch\/ggvaud\/wp-content\/uploads\/sites\/11\/2019\/04\/axe-hepato-gastro-enterologie-1040x740-c-123rf-abhijithar-grande.jpg 1040w\" sizes=\"auto, (max-width: 461px) 100vw, 461px\" \/><\/p>\n<p>&nbsp;<\/p>\n<\/div>","protected":false},"excerpt":{"rendered":"<p>Le Groupement des Gastroent\u00e9rologues Vaudois (GGV) est une association au sens des articles 60 et suivants du Code Civil Suisse, et un groupement au sens des articles 27 et suivants des statuts de la Soci\u00e9t\u00e9 Vaudoise de M\u00e9decine (SVM). Ce site a pour but : De diffuser la Liste de Garde de Gastroent\u00e9rologie, \u00e0 l\u2019usage [&hellip;]<\/p>\n","protected":false},"author":1,"featured_media":0,"parent":0,"menu_order":0,"comment_status":"closed","ping_status":"open","template":"","meta":{"_acf_changed":false,"inline_featured_image":false,"footnotes":""},"class_list":["post-2","page","type-page","status-publish","hentry"],"acf":[],"publishpress_future_action":{"enabled":false,"date":"2026-04-12 18:41:25","action":"change-status","newStatus":"draft","terms":[],"taxonomy":"","extraData":[]},"publishpress_future_workflow_manual_trigger":{"enabledWorkflows":[]},"_links":{"self":[{"href":"https:\/\/www.svmed.ch\/ggvaud\/wp-json\/wp\/v2\/pages\/2","targetHints":{"allow":["GET"]}}],"collection":[{"href":"https:\/\/www.svmed.ch\/ggvaud\/wp-json\/wp\/v2\/pages"}],"about":[{"href":"https:\/\/www.svmed.ch\/ggvaud\/wp-json\/wp\/v2\/types\/page"}],"author":[{"embeddable":true,"href":"https:\/\/www.svmed.ch\/ggvaud\/wp-json\/wp\/v2\/users\/1"}],"replies":[{"embeddable":true,"href":"https:\/\/www.svmed.ch\/ggvaud\/wp-json\/wp\/v2\/comments?post=2"}],"version-history":[{"count":65,"href":"https:\/\/www.svmed.ch\/ggvaud\/wp-json\/wp\/v2\/pages\/2\/revisions"}],"predecessor-version":[{"id":166,"href":"https:\/\/www.svmed.ch\/ggvaud\/wp-json\/wp\/v2\/pages\/2\/revisions\/166"}],"wp:attachment":[{"href":"https:\/\/www.svmed.ch\/ggvaud\/wp-json\/wp\/v2\/media?parent=2"}],"curies":[{"name":"wp","href":"https:\/\/api.w.org\/{rel}","templated":true}]}}