{"id":2,"date":"2019-01-18T09:23:38","date_gmt":"2019-01-18T08:23:38","guid":{"rendered":"https:\/\/www.svmed.ch\/gpvaud\/?page_id=2"},"modified":"2026-02-06T17:29:55","modified_gmt":"2026-02-06T16:29:55","slug":"page-d-exemple","status":"publish","type":"page","link":"https:\/\/www.svmed.ch\/gmsv\/","title":{"rendered":"Accueil"},"content":{"rendered":"<div class=\"the-content\"><h3 style=\"text-align: center;\">Bienvenue sur le site du GMSV<\/h3>\n<p>Le groupement des m\u00e9decins scolaires du Canton de Vaud a \u00e9t\u00e9 fond\u00e9 en 2001. Il regroupe l\u2019ensemble des m\u00e9decins ayant une activit\u00e9 dans les \u00e9tablissements scolaires vaudois dans l&#8217;enseignement obligatoire, post-obligatoire et sp\u00e9cialis\u00e9, soit une centaine de membres.<\/p>\n<p>Ses buts sont:<\/p>\n<ul>\n<li>de contribuer avec l\u2019Unit\u00e9 de Promotion de la Sant\u00e9 et de Pr\u00e9vention en milieu Scolaire (PSPS) \u00e0 l\u2019information et la formation continue des m\u00e9decins scolaires,<\/li>\n<li>en collaboration avec l\u2019Unit\u00e9 PSPS, de promouvoir une sant\u00e9 scolaire r\u00e9pondant au besoin des \u00e9l\u00e8ves,<\/li>\n<li>de repr\u00e9senter les m\u00e9decins scolaires \u00e0 l\u2019Assembl\u00e9e des D\u00e9l\u00e9gu\u00e9s de la SVM,<\/li>\n<li>de d\u00e9fendre leurs int\u00e9r\u00eats professionnels et d\u2019entretenir des contacts avec d\u2019autres groupements poursuivant les m\u00eames buts au niveau national,<\/li>\n<li>d\u2019informer les divers partenaires de la sant\u00e9 scolaire.<\/li>\n<\/ul>\n<p>Nos membres du groupement se r\u00e9unissent une fois par ann\u00e9e lors de l&#8217;Assembl\u00e9e g\u00e9n\u00e9rale et un moment de formation continue.<\/p>\n<p>Les membres fondateurs sont:<br \/>\n&#8211; Dr Techtermann<br \/>\n&#8211; Dr Chevallay<br \/>\n&#8211; Dr Daflon<br \/>\n&#8211; Dr Junier<br \/>\n&#8211; Dr Woringer<\/p>\n<p>Les membres honoraires:<br \/>\n&#8211; Dr Techtermann (AG de 2018)<br \/>\n&#8211; Dr Nicod (AG de 2016)<br \/>\n&#8211; Dr Woringer (AG de 2016)<\/p>\n<\/div>","protected":false},"excerpt":{"rendered":"<p>Bienvenue sur le site du GMSV Le groupement des m\u00e9decins scolaires du Canton de Vaud a \u00e9t\u00e9 fond\u00e9 en 2001. Il regroupe l\u2019ensemble des m\u00e9decins ayant une activit\u00e9 dans les \u00e9tablissements scolaires vaudois dans l&#8217;enseignement obligatoire, post-obligatoire et sp\u00e9cialis\u00e9, soit une centaine de membres. Ses buts sont: de contribuer avec l\u2019Unit\u00e9 de Promotion de la [&hellip;]<\/p>\n","protected":false},"author":1,"featured_media":0,"parent":0,"menu_order":0,"comment_status":"closed","ping_status":"closed","template":"","meta":{"_acf_changed":false,"inline_featured_image":false,"footnotes":""},"class_list":["post-2","page","type-page","status-publish","hentry"],"acf":[],"publishpress_future_action":{"enabled":false,"date":"2026-04-11 22:56:58","action":"change-status","newStatus":"draft","terms":[],"taxonomy":"","extraData":[]},"publishpress_future_workflow_manual_trigger":{"enabledWorkflows":[]},"_links":{"self":[{"href":"https:\/\/www.svmed.ch\/gmsv\/wp-json\/wp\/v2\/pages\/2","targetHints":{"allow":["GET"]}}],"collection":[{"href":"https:\/\/www.svmed.ch\/gmsv\/wp-json\/wp\/v2\/pages"}],"about":[{"href":"https:\/\/www.svmed.ch\/gmsv\/wp-json\/wp\/v2\/types\/page"}],"author":[{"embeddable":true,"href":"https:\/\/www.svmed.ch\/gmsv\/wp-json\/wp\/v2\/users\/1"}],"replies":[{"embeddable":true,"href":"https:\/\/www.svmed.ch\/gmsv\/wp-json\/wp\/v2\/comments?post=2"}],"version-history":[{"count":20,"href":"https:\/\/www.svmed.ch\/gmsv\/wp-json\/wp\/v2\/pages\/2\/revisions"}],"predecessor-version":[{"id":93,"href":"https:\/\/www.svmed.ch\/gmsv\/wp-json\/wp\/v2\/pages\/2\/revisions\/93"}],"wp:attachment":[{"href":"https:\/\/www.svmed.ch\/gmsv\/wp-json\/wp\/v2\/media?parent=2"}],"curies":[{"name":"wp","href":"https:\/\/api.w.org\/{rel}","templated":true}]}}