{"id":47,"date":"2019-11-04T09:24:49","date_gmt":"2019-11-04T08:24:49","guid":{"rendered":"https:\/\/www.svmed.ch\/gmsv\/?page_id=47"},"modified":"2022-09-14T07:44:35","modified_gmt":"2022-09-14T05:44:35","slug":"comite","status":"publish","type":"page","link":"https:\/\/www.svmed.ch\/gmsv\/comite\/","title":{"rendered":"Comit\u00e9"},"content":{"rendered":"<div class=\"the-content\"><p>Le comit\u00e9 du GMSV est constitu\u00e9 de trois \u00e0 cinq membres, avec comme sp\u00e9cialit\u00e9 la p\u00e9diatrie ou la m\u00e9decine interne g\u00e9n\u00e9rale. Il se r\u00e9unit trois \u00e0 quatre fois par ann\u00e9e afin de discuter et de g\u00e9rer les objets en cours.<\/p>\n<p>Les membres actuels du comit\u00e9 sont :<\/p>\n<p>Dre M\u00e9lanie Pasche, p\u00e9diatre, pr\u00e9sidente, d\u00e9l\u00e9gu\u00e9e \u00e0 la SVM, responsable du site internet<br \/>\nDre St\u00e9phanie Anibal, p\u00e9diatre, responsable des archives, vice-pr\u00e9sidente, d\u00e9l\u00e9gu\u00e9e SVM rempla\u00e7ante<br \/>\nDre Anick Pernet, interniste g\u00e9n\u00e9raliste, membre<br \/>\nDre Fanny Waelti, interniste g\u00e9n\u00e9raliste, membre<br \/>\nUne place vacante<\/p>\n<p>Les anciens membres du comit\u00e9 sont:<\/p>\n<p>Dr Jean-Fr\u00e9d\u00e9ric Anken<br \/>\nDresse Susanne Meier<br \/>\nDresse C\u00e9cile Holenweg-Gross<br \/>\nDresse St\u00e9phanie Fridelance<br \/>\nDresse Pareesa Menghrajani<br \/>\nDre B\u00e9atrice Schilter<br \/>\nDr Ma\u00ebl Sauter<\/p>\n<\/div>","protected":false},"excerpt":{"rendered":"<p>Le comit\u00e9 du GMSV est constitu\u00e9 de trois \u00e0 cinq membres, avec comme sp\u00e9cialit\u00e9 la p\u00e9diatrie ou la m\u00e9decine interne g\u00e9n\u00e9rale. Il se r\u00e9unit trois \u00e0 quatre fois par ann\u00e9e afin de discuter et de g\u00e9rer les objets en cours. Les membres actuels du comit\u00e9 sont : Dre M\u00e9lanie Pasche, p\u00e9diatre, pr\u00e9sidente, d\u00e9l\u00e9gu\u00e9e \u00e0 la [&hellip;]<\/p>\n","protected":false},"author":3,"featured_media":0,"parent":0,"menu_order":0,"comment_status":"closed","ping_status":"closed","template":"","meta":{"_acf_changed":false,"inline_featured_image":false,"footnotes":""},"class_list":["post-47","page","type-page","status-publish","hentry"],"acf":[],"publishpress_future_action":{"enabled":false,"date":"2026-04-13 12:44:08","action":"change-status","newStatus":"draft","terms":[],"taxonomy":"","extraData":[]},"publishpress_future_workflow_manual_trigger":{"enabledWorkflows":[]},"_links":{"self":[{"href":"https:\/\/www.svmed.ch\/gmsv\/wp-json\/wp\/v2\/pages\/47","targetHints":{"allow":["GET"]}}],"collection":[{"href":"https:\/\/www.svmed.ch\/gmsv\/wp-json\/wp\/v2\/pages"}],"about":[{"href":"https:\/\/www.svmed.ch\/gmsv\/wp-json\/wp\/v2\/types\/page"}],"author":[{"embeddable":true,"href":"https:\/\/www.svmed.ch\/gmsv\/wp-json\/wp\/v2\/users\/3"}],"replies":[{"embeddable":true,"href":"https:\/\/www.svmed.ch\/gmsv\/wp-json\/wp\/v2\/comments?post=47"}],"version-history":[{"count":5,"href":"https:\/\/www.svmed.ch\/gmsv\/wp-json\/wp\/v2\/pages\/47\/revisions"}],"predecessor-version":[{"id":82,"href":"https:\/\/www.svmed.ch\/gmsv\/wp-json\/wp\/v2\/pages\/47\/revisions\/82"}],"wp:attachment":[{"href":"https:\/\/www.svmed.ch\/gmsv\/wp-json\/wp\/v2\/media?parent=47"}],"curies":[{"name":"wp","href":"https:\/\/api.w.org\/{rel}","templated":true}]}}