{"id":50,"date":"2019-11-04T09:26:14","date_gmt":"2019-11-04T08:26:14","guid":{"rendered":"https:\/\/www.svmed.ch\/gmsv\/?page_id=50"},"modified":"2019-11-26T15:52:35","modified_gmt":"2019-11-26T14:52:35","slug":"documentation","status":"publish","type":"page","link":"https:\/\/www.svmed.ch\/gmsv\/documentation\/","title":{"rendered":"Documentation"},"content":{"rendered":"<div class=\"the-content\"><p>    <script type=\"text\/x-handlebars-template\" id=\"wpfd-template-categories\"><div class=\"wpfd-categories\">{{#if category}}{{#with category}}<h2>{{name}}{{#if parent}}<a class=\"catlink wpfdcategory backcategory\" href=\"#\" data-idcat=\"{{parent}}\">                        <i class=\"zmdi zmdi-chevron-left\"><\/i>Retour<\/a>{{\/if}}<\/h2>{{\/with}}{{\/if}}{{#if categories}}{{#each categories}}<a class=\"wpfdcategory catlink\" style=\"margin : 10px 10px 10px 10px;\" href=\"#\" data-idcat=\"{{term_id}}\" title=\"{{name}}\">                                <span>{{name}}<\/span><i class=\"zmdi zmdi-folder wpfd-folder\"><\/i>                            <\/a>{{\/each}}{{\/if}}<\/div>    <\/script><script type=\"text\/x-handlebars-template\" id=\"wpfd-template-files\">    {{#if files}}    \t<div class=\"wpfd_list\">\t        {{#each files}}\t\t        <div class=\"file col-xl-4\" style=\"margin : 10px 10px 10px 10px;\" data-id=\"{{ID}}\" data-catid=\"{{catid}}\">\t\t            <div class=\"file-card card\">\t\t\t            <div class=\"row no-gutters\">\t\t\t                <div class=\"filecontent col-9 col-sm-10\"><div class=\"ext {{ext}}\"><span class=\"txt\">{{ext}}<\/span><\/div><h3><a href=\"{{linkdownload}}\" class=\"wpfd_downloadlink\" title=\"{{post_title}}\">{{crop_title}}<\/a><\/h3>\t\t\t\t                <div class=\"file-xinfo\">{{#if description}}<div class=\"file-desc\">{{{description}}}<\/div>{{\/if}}{{#if versionNumber}}<div class=\"file-version\"><span>Version:<\/span> {{versionNumber}}<\/div>{{\/if}}<div class=\"file-size\"><span>Taille:<\/span> {{bytesToSize size}}<\/div><div class=\"file-dated\"><span>Date d&#039;ajout:<\/span> {{created}}<\/div>\t\t\t\t\t\t\t\t<\/div>\t\t                \t<\/div>\t\t\t                <div class=\"file-right col-3 col-sm-2 text-right\"><a class=\"downloadlink wpfd_downloadlink\" href=\"{{linkdownload}}\" style=\"background-color:#76bc58;color:#ffffff;\"> <i class=\"zmdi zmdi-cloud-download wpfd-download\"><\/i><\/a>\t\t\t            \t<\/div>\t\t\t            <\/div>\t\t\t        <\/div>\t\t\t     <\/div>\t        {{\/each}}\t    <\/div>\t{{\/if}}<\/script><div class=\"wpfd-content wpfd-content-custom wpfd-content-multi\" data-category=\"3\"><input type=\"hidden\" id=\"current_category\" value=\"3\" \/>                    <input type=\"hidden\" id=\"current_category_slug\" value=\"documents\" \/><ul class=\"breadcrumbs wpfd-breadcrumbs-custom head-category-custom\">                            <li class=\"active\">Documents<\/li>                        <\/ul><div class=\"wpfd-container\">    <div class=\"wpfd-flex-container\">         <div class=\"wpfd-container-custom \"><div class=\"wpfd-categories\"><a class=\"wpfdcategory catlink\" style=\"margin : 10px 10px 10px 10px;\" href=\"#\"                                   data-idcat=\"15\"                                   title=\"Proc\u00e8s-verbaux des AG\">                                    <span>Proc\u00e8s-verbaux des AG<\/span>                                    <i class=\"zmdi zmdi-folder wpfd-folder\"><\/i>                                <\/a><\/div>                <div class=\"wpfd_list\">\t                \t<div class=\"file col-xl-4\" style=\"margin : 10px 10px 10px 10px;\" data-id=\"94\" data-catid=\"3}\">\t\t\t\t            <div class=\"file-card card\">\t\t\t\t\t            <div class=\"row no-gutters\">\t\t\t\t\t                <div class=\"filecontent col-9 col-sm-10\"><div class=\"ext pdf\"><span class=\"txt\">pdf<\/div><h3><a href=\"https:\/\/www.svmed.ch\/gmsv\/member-files\/3\/documents\/94\/presentation-du-groupement-des-medecins-scolaires.pdf\" class=\"wpfd_downloadlink\" title=\"Pr\u00e9sentation du Groupement des m\u00e9decins scolaires\">Pr\u00e9sentation du Groupement des m\u00e9decins scolaires<\/a><\/h3>\t\t\t\t\t\t                <div class=\"file-xinfo\"><div class=\"file-size\"><span>Taille:<\/span> 370.46 kb<\/div><div class=\"file-dated\"><span>Date d&#039;ajout:<\/span> 06.02.2026<\/div>\t\t\t\t\t\t\t\t\t\t<\/div>\t\t\t\t                \t<\/div>\t\t\t\t\t                <div class=\"file-right col-3 col-sm-2 text-right\"><a class=\"downloadlink wpfd_downloadlink\" href=\"https:\/\/www.svmed.ch\/gmsv\/member-files\/3\/documents\/94\/presentation-du-groupement-des-medecins-scolaires.pdf\" style=\"background-color:#76bc58;color:#ffffff;\"> <i class=\"zmdi zmdi-cloud-download wpfd-download\"><\/i><\/a>\t\t\t\t\t            \t<\/div>\t\t\t\t\t            <\/div>\t\t\t\t\t        <\/div>\t\t\t     \t\t<\/div>\t                \t<div class=\"file col-xl-4\" style=\"margin : 10px 10px 10px 10px;\" data-id=\"80\" data-catid=\"3}\">\t\t\t\t            <div class=\"file-card card\">\t\t\t\t\t            <div class=\"row no-gutters\">\t\t\t\t\t                <div class=\"filecontent col-9 col-sm-10\"><div class=\"ext pdf\"><span class=\"txt\">pdf<\/div><h3><a href=\"https:\/\/www.svmed.ch\/gmsv\/member-files\/3\/documents\/80\/ai-andiamo.pdf\" class=\"wpfd_downloadlink\" title=\"AI ANDIAMO\">AI ANDIAMO<\/a><\/h3>\t\t\t\t\t\t                <div class=\"file-xinfo\"><div class=\"file-size\"><span>Taille:<\/span> 1.06 mb<\/div><div class=\"file-dated\"><span>Date d&#039;ajout:<\/span> 03.11.2021<\/div>\t\t\t\t\t\t\t\t\t\t<\/div>\t\t\t\t                \t<\/div>\t\t\t\t\t                <div class=\"file-right col-3 col-sm-2 text-right\"><a class=\"downloadlink wpfd_downloadlink\" href=\"https:\/\/www.svmed.ch\/gmsv\/member-files\/3\/documents\/80\/ai-andiamo.pdf\" style=\"background-color:#76bc58;color:#ffffff;\"> <i class=\"zmdi zmdi-cloud-download wpfd-download\"><\/i><\/a>\t\t\t\t\t            \t<\/div>\t\t\t\t\t            <\/div>\t\t\t\t\t        <\/div>\t\t\t     \t\t<\/div>                <\/div>        <\/div>    <\/div><\/div><\/div><\/p>\n<\/div>","protected":false},"excerpt":{"rendered":"<p>Documents Proc\u00e8s-verbaux des AG pdfPr\u00e9sentation du Groupement des m\u00e9decins scolaires Taille: 370.46 kbDate d&#039;ajout: 06.02.2026 pdfAI ANDIAMO Taille: 1.06 mbDate d&#039;ajout: 03.11.2021<\/p>\n","protected":false},"author":3,"featured_media":0,"parent":0,"menu_order":0,"comment_status":"closed","ping_status":"closed","template":"","meta":{"_acf_changed":false,"inline_featured_image":false,"footnotes":""},"class_list":["post-50","page","type-page","status-publish","hentry"],"acf":[],"publishpress_future_action":{"enabled":false,"date":"2026-04-15 12:32:16","action":"change-status","newStatus":"draft","terms":[],"taxonomy":"","extraData":[]},"publishpress_future_workflow_manual_trigger":{"enabledWorkflows":[]},"_links":{"self":[{"href":"https:\/\/www.svmed.ch\/gmsv\/wp-json\/wp\/v2\/pages\/50","targetHints":{"allow":["GET"]}}],"collection":[{"href":"https:\/\/www.svmed.ch\/gmsv\/wp-json\/wp\/v2\/pages"}],"about":[{"href":"https:\/\/www.svmed.ch\/gmsv\/wp-json\/wp\/v2\/types\/page"}],"author":[{"embeddable":true,"href":"https:\/\/www.svmed.ch\/gmsv\/wp-json\/wp\/v2\/users\/3"}],"replies":[{"embeddable":true,"href":"https:\/\/www.svmed.ch\/gmsv\/wp-json\/wp\/v2\/comments?post=50"}],"version-history":[{"count":2,"href":"https:\/\/www.svmed.ch\/gmsv\/wp-json\/wp\/v2\/pages\/50\/revisions"}],"predecessor-version":[{"id":58,"href":"https:\/\/www.svmed.ch\/gmsv\/wp-json\/wp\/v2\/pages\/50\/revisions\/58"}],"wp:attachment":[{"href":"https:\/\/www.svmed.ch\/gmsv\/wp-json\/wp\/v2\/media?parent=50"}],"curies":[{"name":"wp","href":"https:\/\/api.w.org\/{rel}","templated":true}]}}