{"id":65,"date":"2019-11-11T07:40:30","date_gmt":"2019-11-11T06:40:30","guid":{"rendered":"https:\/\/www.svmed.ch\/gmsv\/?page_id=65"},"modified":"2021-06-14T13:25:10","modified_gmt":"2021-06-14T11:25:10","slug":"liens","status":"publish","type":"page","link":"https:\/\/www.svmed.ch\/gmsv\/liens\/","title":{"rendered":"Liens"},"content":{"rendered":"<div class=\"the-content\"><p><a href=\"https:\/\/www.vd.ch\/themes\/formation\/sante-a-lecole\/equipes-psps\/\">Equipes PSPS<\/a><\/p>\n<p><a href=\"https:\/\/www.vd.ch\/themes\/formation\/sante-a-lecole\/equipes-psps\/medecins-scolaires\/\">Unit\u00e9 PSPS: m\u00e9decins scolaires<\/a><\/p>\n<p><a href=\"https:\/\/www.vd.ch\/themes\/formation\/sante-a-lecole\/equipes-psps\/infirmieres-scolaires\/\">Unit\u00e9 PSPS: infirmi\u00e8res scolaires<\/a><\/p>\n<p><a href=\"https:\/\/scolarmed.ch\/index.php\/fr\/\">Scolarmed \u2013 Association suisse des professionnels\/professionnelles des services de sant\u00e9 scolaire (ex-Association des M\u00e9decins Scolaires de Suisse)<\/a><\/p>\n<p><a href=\"https:\/\/www.unite-psps.ch\/\" target=\"_blank\" rel=\"noopener noreferrer\">Unit\u00e9 PSPS: documentation du m\u00e9decin scolaire<\/a><\/p>\n<\/div>","protected":false},"excerpt":{"rendered":"<p>Equipes PSPS Unit\u00e9 PSPS: m\u00e9decins scolaires Unit\u00e9 PSPS: infirmi\u00e8res scolaires Scolarmed \u2013 Association suisse des professionnels\/professionnelles des services de sant\u00e9 scolaire (ex-Association des M\u00e9decins Scolaires de Suisse) Unit\u00e9 PSPS: documentation du m\u00e9decin scolaire<\/p>\n","protected":false},"author":3,"featured_media":0,"parent":0,"menu_order":0,"comment_status":"closed","ping_status":"closed","template":"","meta":{"_acf_changed":false,"inline_featured_image":false,"footnotes":""},"class_list":["post-65","page","type-page","status-publish","hentry"],"acf":[],"publishpress_future_action":{"enabled":false,"date":"2026-04-13 12:51:14","action":"change-status","newStatus":"draft","terms":[],"taxonomy":"","extraData":[]},"publishpress_future_workflow_manual_trigger":{"enabledWorkflows":[]},"_links":{"self":[{"href":"https:\/\/www.svmed.ch\/gmsv\/wp-json\/wp\/v2\/pages\/65","targetHints":{"allow":["GET"]}}],"collection":[{"href":"https:\/\/www.svmed.ch\/gmsv\/wp-json\/wp\/v2\/pages"}],"about":[{"href":"https:\/\/www.svmed.ch\/gmsv\/wp-json\/wp\/v2\/types\/page"}],"author":[{"embeddable":true,"href":"https:\/\/www.svmed.ch\/gmsv\/wp-json\/wp\/v2\/users\/3"}],"replies":[{"embeddable":true,"href":"https:\/\/www.svmed.ch\/gmsv\/wp-json\/wp\/v2\/comments?post=65"}],"version-history":[{"count":3,"href":"https:\/\/www.svmed.ch\/gmsv\/wp-json\/wp\/v2\/pages\/65\/revisions"}],"predecessor-version":[{"id":76,"href":"https:\/\/www.svmed.ch\/gmsv\/wp-json\/wp\/v2\/pages\/65\/revisions\/76"}],"wp:attachment":[{"href":"https:\/\/www.svmed.ch\/gmsv\/wp-json\/wp\/v2\/media?parent=65"}],"curies":[{"name":"wp","href":"https:\/\/api.w.org\/{rel}","templated":true}]}}