{"id":2,"date":"2019-04-09T11:19:19","date_gmt":"2019-04-09T09:19:19","guid":{"rendered":"https:\/\/www.svmed.ch\/rapport-2018\/?page_id=2"},"modified":"2020-10-23T15:40:54","modified_gmt":"2020-10-23T13:40:54","slug":"page-d-exemple","status":"publish","type":"page","link":"https:\/\/www.svmed.ch\/rapport-2018\/","title":{"rendered":"Accueil"},"content":{"rendered":"<div class=\"the-content\"><p>A nouveau une ann\u00e9e sans beaucoup de r\u00e9pit, au terme de laquelle il est malheureusement impossible de se montrer exhaustif concernant\u00a0 tout ce que la SVM a \u00e9t\u00e9 amen\u00e9e \u00e0 aborder. Je voudrais cependant \u00e9voquer quelques \u00e9l\u00e9ments marquants.<\/p>\n<p>Tout d\u2019abord, je veux saluer ici l\u2019engagement constant et sans faille du secr\u00e9tariat g\u00e9n\u00e9ral, sous la conduite de son Secr\u00e9taire G\u00e9n\u00e9ral M. Pierre-Andr\u00e9 Repond. Il permet \u00e0 notre association d\u2019assurer la continuit\u00e9 dans les nombreux services aux membres, mais aussi de proposer de nouvelles formes de communication et d\u2019acc\u00e8s \u00e0 l\u2019information tels qu\u2019un site web renouvel\u00e9, un blog ou encore un Courrier du M\u00e9decin Vaudois qui a f\u00eat\u00e9 dignement ses 30 ans en 2018.<\/p>\n<\/div>","protected":false},"excerpt":{"rendered":"<p>A nouveau une ann\u00e9e sans beaucoup de r\u00e9pit, au terme de laquelle il est malheureusement impossible de se montrer exhaustif concernant\u00a0 tout ce que la SVM a \u00e9t\u00e9 amen\u00e9e \u00e0 aborder. Je voudrais cependant \u00e9voquer quelques \u00e9l\u00e9ments marquants. Tout d\u2019abord, je veux saluer ici l\u2019engagement constant et sans faille du secr\u00e9tariat g\u00e9n\u00e9ral, sous la conduite [&hellip;]<\/p>\n","protected":false},"author":1,"featured_media":0,"parent":0,"menu_order":0,"comment_status":"closed","ping_status":"open","template":"","meta":{"_acf_changed":false,"inline_featured_image":false,"footnotes":""},"class_list":["post-2","page","type-page","status-publish","hentry"],"acf":[],"publishpress_future_action":{"enabled":false,"date":"2026-04-14 23:01:39","action":"change-status","newStatus":"draft","terms":[],"taxonomy":"","extraData":[]},"publishpress_future_workflow_manual_trigger":{"enabledWorkflows":[]},"_links":{"self":[{"href":"https:\/\/www.svmed.ch\/rapport-2018\/wp-json\/wp\/v2\/pages\/2","targetHints":{"allow":["GET"]}}],"collection":[{"href":"https:\/\/www.svmed.ch\/rapport-2018\/wp-json\/wp\/v2\/pages"}],"about":[{"href":"https:\/\/www.svmed.ch\/rapport-2018\/wp-json\/wp\/v2\/types\/page"}],"author":[{"embeddable":true,"href":"https:\/\/www.svmed.ch\/rapport-2018\/wp-json\/wp\/v2\/users\/1"}],"replies":[{"embeddable":true,"href":"https:\/\/www.svmed.ch\/rapport-2018\/wp-json\/wp\/v2\/comments?post=2"}],"version-history":[{"count":93,"href":"https:\/\/www.svmed.ch\/rapport-2018\/wp-json\/wp\/v2\/pages\/2\/revisions"}],"predecessor-version":[{"id":503,"href":"https:\/\/www.svmed.ch\/rapport-2018\/wp-json\/wp\/v2\/pages\/2\/revisions\/503"}],"wp:attachment":[{"href":"https:\/\/www.svmed.ch\/rapport-2018\/wp-json\/wp\/v2\/media?parent=2"}],"curies":[{"name":"wp","href":"https:\/\/api.w.org\/{rel}","templated":true}]}}