{"id":232,"date":"2019-05-01T13:51:03","date_gmt":"2019-05-01T11:51:03","guid":{"rendered":"https:\/\/www.svmed.ch\/rapport-2019\/?page_id=232"},"modified":"2020-02-27T17:28:06","modified_gmt":"2020-02-27T16:28:06","slug":"gmems","status":"publish","type":"page","link":"https:\/\/www.svmed.ch\/rapport-2019\/rapports\/gmems\/","title":{"rendered":"Groupement des m\u00e9decins travaillant en \u00e9tablissement m\u00e9dico-social"},"content":{"rendered":"<div class=\"the-content\"><p>Comme vous le savez, l\u2019ann\u00e9e 2019 a \u00e9t\u00e9 marqu\u00e9e par la transition de M. Maillard \u00e0 Mme Ruiz \u00e0 la t\u00eate du D\u00e9partement de la sant\u00e9 et de l\u2019action sociale. Trois membres du comit\u00e9 ainsi que M. Repond, secr\u00e9taire g\u00e9n\u00e9ral de la SVM, ont eu le plaisir de rencontrer Mme Ruiz et de refaire le point avec elle quant au r\u00f4le du m\u00e9decin r\u00e9pondant d\u2019EMS et quant \u00e0 ses perspectives d\u2019\u00e9volution dans le contexte m\u00e9dical cantonal actuel.<\/p>\n<p>La cheffe du D\u00e9partement a reconnu le r\u00f4le cl\u00e9 assum\u00e9 par le m\u00e9decin r\u00e9pondant et, dans la m\u00eame lign\u00e9e que son pr\u00e9d\u00e9cesseur, a confirm\u00e9 sa volont\u00e9 de revaloriser aussi financi\u00e8rement l\u2019engagement et la disponibilit\u00e9 des m\u00e9decins r\u00e9pondants d\u2019EMS.<\/p>\n<h3>Vers une meilleure r\u00e9ponse \u00e0 l\u2019urgence<\/h3>\n<p>Dans ce contexte, et afin d\u2019estimer le budget n\u00e9cessaire pour la mise en place d\u2019une r\u00e9mun\u00e9ration suppl\u00e9mentaire forfaitaire \u00e0 l\u2019acte, un recensement des interpellations des m\u00e9decins r\u00e9pondants en dehors des horaires de bureau a \u00e9t\u00e9 lanc\u00e9 en d\u00e9cembre 2019 aupr\u00e8s des coll\u00e8gues m\u00e9decins et des directions de chaque EMS. L\u2019objectif final reste l\u2019optimisation du processus de r\u00e9ponse \u00e0 l\u2019urgence, avec un avenant au cahier des charges pour une disponibilit\u00e9 m\u00e9dicale renforc\u00e9e sur base volontaire.<\/p>\n<p>La r\u00e9vision du cahier des charges du m\u00e9decin r\u00e9pondant d\u2019EMS \u00e9tant achev\u00e9e, et conform\u00e9ment aux statuts du groupement, le nouveau cahier des charges a \u00e9t\u00e9 soumis au vote par correspondance \u00e0 tous les membres du GMEMS. [NB : Le r\u00e9sultat de cette votation, connu fin janvier 2020, est positif.]<\/p>\n<h3>S\u2019informer sur les aspects m\u00e9dico-l\u00e9gaux<\/h3>\n<p>Au cours de l\u2019ann\u00e9e 2019, le comit\u00e9 du GMEMS a organis\u00e9 trois formations continues qui ont \u00e9t\u00e9 tr\u00e8s appr\u00e9ci\u00e9es par les participants.<br \/>\nLe Prof. Olivier Lamy nous a fait d\u00e9couvrir les \u00ab nouveaut\u00e9s dans la gestion de l\u2019ost\u00e9oporose \u00bb ; nous avons fait le point sur la \u00ab pr\u00e9vention des chutes en EMS \u00bb gr\u00e2ce \u00e0 l\u2019intervention du Prof. Christophe B\u00fcla et, en novembre, nous sommes revenus sur la d\u00e9licate et complexe th\u00e9matique des \u00ab directives anticip\u00e9es et du projet anticip\u00e9 des soins \u00bb avec le Prof. O. Guillot et la Dre Eve Ruebli. Les questions m\u00e9dico-l\u00e9gales ayant \u00e9t\u00e9 identifi\u00e9es comme un point faible par plusieurs coll\u00e8gues, le GMEMS a pr\u00e9vu de revenir sur cette th\u00e9matique avec d\u2019autres formations continues en 2020.<\/p>\n<p>Par ailleurs, trois membres du GMEMS participent \u00e0 un groupe de travail avec des repr\u00e9sentants des juges de paix et de la sant\u00e9 publique. Ce groupe a pour objectif d\u2019informer tous les acteurs sur le PLAFA (placement \u00e0 des fins d&rsquo;assistance) et l\u2019\u00e9valuation de la capacit\u00e9 de discernement. Un flyer r\u00e9capitulatif des points cl\u00e9s, \u00e0 l\u2019intention des m\u00e9decins traitants, devrait voir le jour courant 2020.<\/p>\n<h3>Prochains d\u00e9fis<\/h3>\n<p>Pour 2020, le comit\u00e9 pr\u00e9conise de suivre de pr\u00e8s l\u2019\u00e9volution de plusieurs th\u00e9matiques pertinentes pour les m\u00e9decins d\u2019EMS, comme les difficult\u00e9s de facturation du temps en absence du patient, les contr\u00f4les d\u2019\u00e9conomicit\u00e9 effectu\u00e9s par Sant\u00e9suisse, ou encore les violations du secret m\u00e9dical lors des contr\u00f4les des co\u00fbts de la part des caisses maladie dans les EMS.<\/p>\n<p>&nbsp;<\/p>\n<p><strong>Dre Tosca Bizzozzero<\/strong><br \/>\nPr\u00e9sidente du Groupement des m\u00e9decins travaillant en \u00e9tablissement m\u00e9dico-social (GMEMS)<\/p>\n<p><a href=\"https:\/\/www.svmed.ch\/association\/groupements-et-commissions\/groupement-des-medecins-travaillant-en-etablissement-medico-social-gmems\/\" target=\"_blank\" rel=\"noopener noreferrer\">En savoir plus sur le GMEMS<\/a><\/p>\n<\/div>","protected":false},"excerpt":{"rendered":"<p>Comme vous le savez, l\u2019ann\u00e9e 2019 a \u00e9t\u00e9 marqu\u00e9e par la transition de M. Maillard \u00e0 Mme Ruiz \u00e0 la t\u00eate du D\u00e9partement de la sant\u00e9 et de l\u2019action sociale. Trois membres du comit\u00e9 ainsi que M. Repond, secr\u00e9taire g\u00e9n\u00e9ral de la SVM, ont eu le plaisir de rencontrer Mme Ruiz et de refaire le [&hellip;]<\/p>\n","protected":false},"author":4,"featured_media":0,"parent":18,"menu_order":12,"comment_status":"closed","ping_status":"closed","template":"","meta":{"_acf_changed":false,"inline_featured_image":false,"footnotes":""},"class_list":["post-232","page","type-page","status-publish","hentry"],"acf":[],"publishpress_future_action":{"enabled":false,"date":"2026-04-22 02:33:07","action":"change-status","newStatus":"draft","terms":[],"taxonomy":"","extraData":[]},"publishpress_future_workflow_manual_trigger":{"enabledWorkflows":[]},"_links":{"self":[{"href":"https:\/\/www.svmed.ch\/rapport-2019\/wp-json\/wp\/v2\/pages\/232","targetHints":{"allow":["GET"]}}],"collection":[{"href":"https:\/\/www.svmed.ch\/rapport-2019\/wp-json\/wp\/v2\/pages"}],"about":[{"href":"https:\/\/www.svmed.ch\/rapport-2019\/wp-json\/wp\/v2\/types\/page"}],"author":[{"embeddable":true,"href":"https:\/\/www.svmed.ch\/rapport-2019\/wp-json\/wp\/v2\/users\/4"}],"replies":[{"embeddable":true,"href":"https:\/\/www.svmed.ch\/rapport-2019\/wp-json\/wp\/v2\/comments?post=232"}],"version-history":[{"count":11,"href":"https:\/\/www.svmed.ch\/rapport-2019\/wp-json\/wp\/v2\/pages\/232\/revisions"}],"predecessor-version":[{"id":497,"href":"https:\/\/www.svmed.ch\/rapport-2019\/wp-json\/wp\/v2\/pages\/232\/revisions\/497"}],"up":[{"embeddable":true,"href":"https:\/\/www.svmed.ch\/rapport-2019\/wp-json\/wp\/v2\/pages\/18"}],"wp:attachment":[{"href":"https:\/\/www.svmed.ch\/rapport-2019\/wp-json\/wp\/v2\/media?parent=232"}],"curies":[{"name":"wp","href":"https:\/\/api.w.org\/{rel}","templated":true}]}}