{"id":238,"date":"2019-05-01T14:12:34","date_gmt":"2019-05-01T12:12:34","guid":{"rendered":"https:\/\/www.svmed.ch\/rapport-2019\/?page_id=238"},"modified":"2020-02-27T17:09:45","modified_gmt":"2020-02-27T16:09:45","slug":"jvd","status":"publish","type":"page","link":"https:\/\/www.svmed.ch\/rapport-2019\/rapports\/jvd\/","title":{"rendered":"Commission de la formation continue"},"content":{"rendered":"<div class=\"the-content\"><p>L\u2019ann\u00e9e 2019 des Jeudis de la Vaudoise a permis d\u2019aborder de nombreux th\u00e8mes m\u00e9dicaux, comme en t\u00e9moigne la liste ci-dessous.<\/p>\n<h3>Th\u00e8mes des JVD en 2019 :<\/h3>\n<p>17 janvier 2019 \u2013 Acquisitions th\u00e9rapeutiques<br \/>\n14 f\u00e9vrier 2019 \u2013 L\u2019\u00e9chographie au cabinet, outil d\u2019avenir<br \/>\n14 mars 2019 \u2013 Ass\u00e9curologie et \u00e9thique<br \/>\n11 avril 2019 \u2013 H\u00e9matologie<br \/>\n16 mai 2019 \u2013 Maintien \u00e0 domicile<br \/>\n27 juin 2019 \u2013 La m\u00e9decine en 2025 \u2013 30 ans des JVDs \u00e0 ISREC<br \/>\n12 septembre 2019 &#8211; Cardiologie pour le praticien<br \/>\n10 octobre 2019 \u2013 Bilan de sant\u00e9 en 2019<br \/>\n21 novembre 2019 \u2013 Rhumatologie<\/p>\n<p>27 experts se sont exprim\u00e9s lors des s\u00e9ances pl\u00e9ni\u00e8res et plus de 61 coll\u00e8gues sp\u00e9cialistes ont anim\u00e9 des ateliers pratiques !<\/p>\n<h3>30e anniversaire des JVD<\/h3>\n<p>L\u2019ann\u00e9e 2019 a \u00e9galement \u00e9t\u00e9 marqu\u00e9e par l\u2019organisation d\u2019un JVD sp\u00e9cial destin\u00e9 \u00e0 f\u00eater les 30 ans des JVD. Le Professer Daniel Scheidegger, pr\u00e9sident de l\u2019Acad\u00e9mie suisse des sciences m\u00e9dicales, nous a fait l\u2019honneur d\u2019y participer en nous rappelant que les ressources financi\u00e8res et humaines requises par le syst\u00e8me de sant\u00e9 dans sa structure actuelle ne sont pas illimit\u00e9es.<br \/>\nCet anniversaire a \u00e9t\u00e9 l\u2019occasion, pour le Prof Jacques Cornuz, de passer le t\u00e9moin de Pr\u00e9sident au Prof Olivier Lamy, apr\u00e8s huit ans de bons et loyaux services.<\/p>\n<p>Ces colloques continuent ainsi \u00e0 rencontrer un tr\u00e8s bon \u00e9cho, avec une participation moyenne de plus de 150 m\u00e9decins, qui repr\u00e9sentent un large spectre de pratiques m\u00e9dicales (cabinet individuel ou de groupe, permanences, policliniques, etc.) Les \u00e9valuations montrent que tant les cours en auditoires que les ateliers restent tr\u00e8s appr\u00e9ci\u00e9s, car ils apportent \u00e0 la fois des recommandations cliniques pratiques et un regard sur notre m\u00e9tier de m\u00e9decin.<\/p>\n<h3>Soutien et implication<\/h3>\n<p>Ce bref rapport est pour nous l\u2019occasion de remercier les membres de la Commission, \u00e0 savoir les Docteur-res Anne-France Mayor-Pleines, Isabelle Marguerat Bouch\u00e9, Sophie Paul, Alain Birchmeier, Abram Morel, Julien Vaucher, Jean-Luc Vonnez et Phillipe Staeger, toujours tr\u00e8s motiv\u00e9s pour pr\u00e9parer la formation continue des m\u00e9decins vaudois.<\/p>\n<p>Ces Jeudis de la Vaudoise ne pourraient \u00eatre r\u00e9alis\u00e9s sans l\u2019implication de Mme Nathalie Panchaud, responsable de la formation continue, dont le travail est tr\u00e8s appr\u00e9ci\u00e9, et le soutien des sponsors (MSD, Clinique de la Source, Novartis, Hirslanden Clinique Bois-Cerf et C\u00e9cil) que nous remercions aussi.<\/p>\n<p>Cours de m\u00e9decine d\u2019urgence \u00e0 domicile pour m\u00e9decins de premier recours<br \/>\nLa 20\u00e8me \u00e9dition des cours de m\u00e9decine d\u2019urgence \u00e0 domicile pour m\u00e9decins de premier recours a eu lieu durant le printemps 2019, co\u00efncidant ainsi avec la r\u00e9organisation en profondeur du syst\u00e8me de garde domiciliaire vaudois voulue par le Service de la sant\u00e9 publique.<\/p>\n<p>&nbsp;<\/p>\n<p><strong>Prof. Jacques Cornuz<\/strong><br \/>\nPr\u00e9sident de la Commission de la formation continue jusqu&rsquo;\u00e0 juin 2019<\/p>\n<p><strong>Prof. Olivier Lamy<\/strong><br \/>\nPr\u00e9sident de la Commission de la formation continue depuis juillet 2019<\/p>\n<p>Pour en savoir plus: <a href=\"https:\/\/www.svmed.ch\/association\/groupements-et-commissions\/\" target=\"_blank\" rel=\"noopener noreferrer\">composition de la Commission de la formation continue<\/a><\/p>\n<\/div>","protected":false},"excerpt":{"rendered":"<p>L\u2019ann\u00e9e 2019 des Jeudis de la Vaudoise a permis d\u2019aborder de nombreux th\u00e8mes m\u00e9dicaux, comme en t\u00e9moigne la liste ci-dessous. Th\u00e8mes des JVD en 2019 : 17 janvier 2019 \u2013 Acquisitions th\u00e9rapeutiques 14 f\u00e9vrier 2019 \u2013 L\u2019\u00e9chographie au cabinet, outil d\u2019avenir 14 mars 2019 \u2013 Ass\u00e9curologie et \u00e9thique 11 avril 2019 \u2013 H\u00e9matologie 16 mai [&hellip;]<\/p>\n","protected":false},"author":4,"featured_media":0,"parent":18,"menu_order":4,"comment_status":"closed","ping_status":"closed","template":"","meta":{"_acf_changed":false,"inline_featured_image":false,"footnotes":""},"class_list":["post-238","page","type-page","status-publish","hentry"],"acf":[],"publishpress_future_action":{"enabled":false,"date":"2026-04-22 02:33:48","action":"change-status","newStatus":"draft","terms":[],"taxonomy":"","extraData":[]},"publishpress_future_workflow_manual_trigger":{"enabledWorkflows":[]},"_links":{"self":[{"href":"https:\/\/www.svmed.ch\/rapport-2019\/wp-json\/wp\/v2\/pages\/238","targetHints":{"allow":["GET"]}}],"collection":[{"href":"https:\/\/www.svmed.ch\/rapport-2019\/wp-json\/wp\/v2\/pages"}],"about":[{"href":"https:\/\/www.svmed.ch\/rapport-2019\/wp-json\/wp\/v2\/types\/page"}],"author":[{"embeddable":true,"href":"https:\/\/www.svmed.ch\/rapport-2019\/wp-json\/wp\/v2\/users\/4"}],"replies":[{"embeddable":true,"href":"https:\/\/www.svmed.ch\/rapport-2019\/wp-json\/wp\/v2\/comments?post=238"}],"version-history":[{"count":12,"href":"https:\/\/www.svmed.ch\/rapport-2019\/wp-json\/wp\/v2\/pages\/238\/revisions"}],"predecessor-version":[{"id":821,"href":"https:\/\/www.svmed.ch\/rapport-2019\/wp-json\/wp\/v2\/pages\/238\/revisions\/821"}],"up":[{"embeddable":true,"href":"https:\/\/www.svmed.ch\/rapport-2019\/wp-json\/wp\/v2\/pages\/18"}],"wp:attachment":[{"href":"https:\/\/www.svmed.ch\/rapport-2019\/wp-json\/wp\/v2\/media?parent=238"}],"curies":[{"name":"wp","href":"https:\/\/api.w.org\/{rel}","templated":true}]}}