{"id":270,"date":"2019-05-07T14:26:35","date_gmt":"2019-05-07T12:26:35","guid":{"rendered":"https:\/\/www.svmed.ch\/rapport-2019\/?page_id=270"},"modified":"2020-01-14T10:26:03","modified_gmt":"2020-01-14T09:26:03","slug":"groupement-des-medecins-scolaires","status":"publish","type":"page","link":"https:\/\/www.svmed.ch\/rapport-2019\/rapports\/groupement-des-medecins-scolaires\/","title":{"rendered":"Groupement des m\u00e9decins scolaires"},"content":{"rendered":"<div class=\"the-content\"><p>En 2019, le comit\u00e9 du Groupement des m\u00e9decins scolaires (GMSV) s\u2019est r\u00e9uni cinq fois. La pr\u00e9sidente du GMSV a pour sa part particip\u00e9 \u00e0 trois Assembl\u00e9es des d\u00e9l\u00e9gu\u00e9s de la SVM.<\/p>\n<p>Nous avons par ailleurs fait appel \u00e0 la SVM concernant le potentiel futur site internet du GMSV.<\/p>\n<h3>Renforcer l\u2019\u00e9galit\u00e9 des chances<\/h3>\n<p>Mme la Conseill\u00e8re d\u2019Etat Cesla Amarelle a sollicit\u00e9 le GMSV en cours d\u2019ann\u00e9e 2019 pour r\u00e9pondre \u00e0 un questionnaire et transmettre nos commentaires concernant le projet intitul\u00e9 \u00ab\u00a0Concept 360\u00b0\u00a0\u00bb, pour l&rsquo;\u00e9galit\u00e9 des chances entre tous les \u00e9l\u00e8ves de l&rsquo;\u00e9cole obligatoire vaudoise. Celui-ci a \u00e9t\u00e9 pr\u00e9sent\u00e9 par M. Valceschini lors de notre apr\u00e8s-midi de formation.<\/p>\n<p>Un 2\u00e8me forum a eu lieu le 2 mai 2019 en pr\u00e9sence du Dr Masserey et de la responsable de la formation S\u00e9same. Ce fut un moment riche en \u00e9changes.<\/p>\n<p>Au cours de cet exercice, il est \u00e9galement \u00e0 noter que nous avons tr\u00e8s peu \u00e9t\u00e9 sollicit\u00e9s par nos membres.<\/p>\n<h3>Un nouveau visage au comit\u00e9<\/h3>\n<p>Enfin, la Dre Anik Pernet, m\u00e9decin scolaire \u00e0 Begnins, a manifest\u00e9 son int\u00e9r\u00eat \u00e0 rejoindre le GMSV et a \u00e9t\u00e9 \u00e9lue comme membre du comit\u00e9 lors de notre assembl\u00e9e g\u00e9n\u00e9rale.<\/p>\n<p>&nbsp;<\/p>\n<p><strong>Dre B\u00e9atrice Schilter<\/strong><br \/>\nPr\u00e9sidente du Groupement des m\u00e9decins scolaires (GMSV)<\/p>\n<p><a href=\"https:\/\/www.svmed.ch\/association\/groupements-et-commissions\/groupement-des-medecins-scolaires-gmsv\/\" target=\"_blank\" rel=\"noopener noreferrer\">En savoir plus sur le GMSV<\/a><\/p>\n<\/div>","protected":false},"excerpt":{"rendered":"<p>En 2019, le comit\u00e9 du Groupement des m\u00e9decins scolaires (GMSV) s\u2019est r\u00e9uni cinq fois. La pr\u00e9sidente du GMSV a pour sa part particip\u00e9 \u00e0 trois Assembl\u00e9es des d\u00e9l\u00e9gu\u00e9s de la SVM. Nous avons par ailleurs fait appel \u00e0 la SVM concernant le potentiel futur site internet du GMSV. Renforcer l\u2019\u00e9galit\u00e9 des chances Mme la Conseill\u00e8re [&hellip;]<\/p>\n","protected":false},"author":4,"featured_media":0,"parent":18,"menu_order":10,"comment_status":"closed","ping_status":"closed","template":"","meta":{"_acf_changed":false,"inline_featured_image":false,"footnotes":""},"class_list":["post-270","page","type-page","status-publish","hentry"],"acf":[],"publishpress_future_action":{"enabled":false,"date":"2026-04-22 02:43:58","action":"change-status","newStatus":"draft","terms":[],"taxonomy":"","extraData":[]},"publishpress_future_workflow_manual_trigger":{"enabledWorkflows":[]},"_links":{"self":[{"href":"https:\/\/www.svmed.ch\/rapport-2019\/wp-json\/wp\/v2\/pages\/270","targetHints":{"allow":["GET"]}}],"collection":[{"href":"https:\/\/www.svmed.ch\/rapport-2019\/wp-json\/wp\/v2\/pages"}],"about":[{"href":"https:\/\/www.svmed.ch\/rapport-2019\/wp-json\/wp\/v2\/types\/page"}],"author":[{"embeddable":true,"href":"https:\/\/www.svmed.ch\/rapport-2019\/wp-json\/wp\/v2\/users\/4"}],"replies":[{"embeddable":true,"href":"https:\/\/www.svmed.ch\/rapport-2019\/wp-json\/wp\/v2\/comments?post=270"}],"version-history":[{"count":7,"href":"https:\/\/www.svmed.ch\/rapport-2019\/wp-json\/wp\/v2\/pages\/270\/revisions"}],"predecessor-version":[{"id":820,"href":"https:\/\/www.svmed.ch\/rapport-2019\/wp-json\/wp\/v2\/pages\/270\/revisions\/820"}],"up":[{"embeddable":true,"href":"https:\/\/www.svmed.ch\/rapport-2019\/wp-json\/wp\/v2\/pages\/18"}],"wp:attachment":[{"href":"https:\/\/www.svmed.ch\/rapport-2019\/wp-json\/wp\/v2\/media?parent=270"}],"curies":[{"name":"wp","href":"https:\/\/api.w.org\/{rel}","templated":true}]}}