{"id":232,"date":"2019-05-01T13:51:03","date_gmt":"2019-05-01T11:51:03","guid":{"rendered":"https:\/\/www.svmed.ch\/rapport-2020\/?page_id=232"},"modified":"2021-01-27T17:11:17","modified_gmt":"2021-01-27T16:11:17","slug":"gmems","status":"publish","type":"page","link":"https:\/\/www.svmed.ch\/rapport-2020\/rapports\/gmems\/","title":{"rendered":"Groupement des m\u00e9decins travaillant en \u00e9tablissement m\u00e9dico-social"},"content":{"rendered":"<div class=\"the-content\"><p>Comme pour la plupart des groupements de la SVM, l\u2019activit\u00e9 de l\u2019ann\u00e9e 2020 du Groupement des m\u00e9decins travaillant en \u00e9tablissement m\u00e9dico-social (GMEMS) pourrait se r\u00e9sumer en un seul mot\u00a0: <strong>SARS-COV-2<\/strong>. Cet agent infectieux microscopique \u00e0 l\u2019origine de la maladie Covid-19 a eu le pouvoir d\u2019\u00e9branler nos vies et modifier consid\u00e9rablement notre travail dans les EMS.<\/p>\n<p>Le m\u00e9decin r\u00e9pondant d\u2019EMS a d\u00fb r\u00e9actualiser en un temps record ses connaissances en infectiologie, immunologie, hygi\u00e8ne hospitali\u00e8re, \u00e9pid\u00e9miologie mais aussi en pharmacologie, soins palliatifs et \u00e9thique clinique afin de r\u00e9pondre aux innombrables questions qui se posaient. Dans ce contexte particuli\u00e8rement virulent (c\u2019est le cas de le dire), le m\u00e9decin r\u00e9pondant d\u2019EMS a \u00e9t\u00e9 amen\u00e9 \u00e0 collaborer \u00e9troitement avec la direction et l\u2019infirmi\u00e8re cheffe de l\u2019institution. Cela a permis dans la plupart des cas de consolider les liens de travail pr\u00e9existants, mais malheureusement parfois aussi d\u2019exacerber des confits ou incompr\u00e9hensions et d\u00e9boucher sur des ruptures de collaboration.<\/p>\n<div id=\"attachment_1075\" style=\"width: 677px\" class=\"wp-caption alignnone\"><img loading=\"lazy\" decoding=\"async\" aria-describedby=\"caption-attachment-1075\" class=\"wp-image-1075\" src=\"https:\/\/www.svmed.ch\/rapport-2020\/wp-content\/uploads\/sites\/19\/2021\/01\/cmv-baumettes-0549.jpg\" alt=\"\" width=\"667\" height=\"500\" srcset=\"https:\/\/www.svmed.ch\/rapport-2020\/wp-content\/uploads\/sites\/19\/2021\/01\/cmv-baumettes-0549.jpg 2560w, https:\/\/www.svmed.ch\/rapport-2020\/wp-content\/uploads\/sites\/19\/2021\/01\/cmv-baumettes-0549-300x225.jpg 300w, https:\/\/www.svmed.ch\/rapport-2020\/wp-content\/uploads\/sites\/19\/2021\/01\/cmv-baumettes-0549-1024x768.jpg 1024w, https:\/\/www.svmed.ch\/rapport-2020\/wp-content\/uploads\/sites\/19\/2021\/01\/cmv-baumettes-0549-768x576.jpg 768w, https:\/\/www.svmed.ch\/rapport-2020\/wp-content\/uploads\/sites\/19\/2021\/01\/cmv-baumettes-0549-1707x1280.jpg 1707w, https:\/\/www.svmed.ch\/rapport-2020\/wp-content\/uploads\/sites\/19\/2021\/01\/cmv-baumettes-0549-1536x1152.jpg 1536w, https:\/\/www.svmed.ch\/rapport-2020\/wp-content\/uploads\/sites\/19\/2021\/01\/cmv-baumettes-0549-2048x1536.jpg 2048w\" sizes=\"auto, (max-width: 667px) 100vw, 667px\" \/><p id=\"caption-attachment-1075\" class=\"wp-caption-text\">\u00a9 Laurent Kaczor<\/p><\/div>\n<p>Les m\u00e9decins r\u00e9pondants d\u2019EMS se sont retrouv\u00e9s malgr\u00e9 eux et \u00e0 plusieurs reprises au <strong>centre de l\u2019attention m\u00e9diatique<\/strong> pour r\u00e9pondre \u00e0 des multiples questions concernant les r\u00e9sidents d\u2019EMS, comme leur mortalit\u00e9 \u00e9lev\u00e9e ou la gestion du manque de mat\u00e9riel de protection lors de la premi\u00e8re vague, du manque du personnel, des directives pour les visites, des soins palliatifs prodigu\u00e9s en EMS et tout derni\u00e8rement du plan de vaccination.<\/p>\n<h2>R\u00e9vision de l\u2019accord de collaboration et revalorisation financi\u00e8re<\/h2>\n<p>Outre l\u2019effort titanesque fourni par le comit\u00e9 du GMEMS pour faire face aux d\u00e9fis li\u00e9s \u00e0 la pand\u00e9mie (en particulier la participation \u00e0 plusieurs groupes de travail cantonaux et la diffusion de l\u2019information), nous avons r\u00e9ussi non seulement \u00e0 finaliser la <strong>r\u00e9vision de l\u2019accord de collaboration entre les m\u00e9decins r\u00e9pondants d\u2019EMS et les fa\u00eeti\u00e8res<\/strong>, mais \u00e9galement \u00e0 avancer et finaliser le dossier \u00ab\u00a0<strong>disponibilit\u00e9 m\u00e9dicale renforc\u00e9e<\/strong>\u00a0\u00bb\u00a0: votre pr\u00e9sidente est fi\u00e8re de vous annoncer qu\u2019un accord a \u00e9t\u00e9 trouv\u00e9 avec la DGS afin de reconna\u00eetre et de revaloriser financi\u00e8rement la disponibilit\u00e9 du m\u00e9decin r\u00e9pondant d\u2019EMS en dehors des heures ouvrables. Depuis d\u00e9but janvier 2021, les interventions (t\u00e9l\u00e9phoniques et\/ou avec d\u00e9placement) pour l\u2019EMS le soir, la nuit et le week-end pourront faire l\u2019objet d\u2019un d\u00e9dommagement forfaitaire \u00e0 l\u2019acte qui sera vers\u00e9 au m\u00e9decin par le Canton, en plus du tarif habituel selon Tarmed. A votre tableau r\u00e9capitulatif mensuel, donc\u00a0!<\/p>\n<p>Lors de l\u2019<strong>assembl\u00e9e g\u00e9n\u00e9rale de novembre 2020<\/strong>, les membres du comit\u00e9 ont \u00e9t\u00e9 r\u00e9\u00e9lus pour quatre ans, \u00e0 l\u2019exception du Dr Jequier qui n\u2019a pas souhait\u00e9 se repr\u00e9senter. Un poste au sein du comit\u00e9 rest\u00e9 vacant lors de l\u2019assembl\u00e9e vient d\u2019\u00eatre repourvu gr\u00e2ce \u00e0 la disponibilit\u00e9 du Dr Serge Cl\u00e9ment, qui rejoint le comit\u00e9 d\u00e8s janvier 2021.<\/p>\n<div id=\"attachment_1088\" style=\"width: 677px\" class=\"wp-caption alignnone\"><img loading=\"lazy\" decoding=\"async\" aria-describedby=\"caption-attachment-1088\" class=\"wp-image-1088\" src=\"https:\/\/www.svmed.ch\/rapport-2020\/wp-content\/uploads\/sites\/19\/2021\/01\/cmv-baumettes-0507-1.jpg\" alt=\"\" width=\"667\" height=\"500\" srcset=\"https:\/\/www.svmed.ch\/rapport-2020\/wp-content\/uploads\/sites\/19\/2021\/01\/cmv-baumettes-0507-1.jpg 2560w, https:\/\/www.svmed.ch\/rapport-2020\/wp-content\/uploads\/sites\/19\/2021\/01\/cmv-baumettes-0507-1-300x225.jpg 300w, https:\/\/www.svmed.ch\/rapport-2020\/wp-content\/uploads\/sites\/19\/2021\/01\/cmv-baumettes-0507-1-1024x768.jpg 1024w, https:\/\/www.svmed.ch\/rapport-2020\/wp-content\/uploads\/sites\/19\/2021\/01\/cmv-baumettes-0507-1-768x576.jpg 768w, https:\/\/www.svmed.ch\/rapport-2020\/wp-content\/uploads\/sites\/19\/2021\/01\/cmv-baumettes-0507-1-1707x1280.jpg 1707w, https:\/\/www.svmed.ch\/rapport-2020\/wp-content\/uploads\/sites\/19\/2021\/01\/cmv-baumettes-0507-1-1536x1152.jpg 1536w, https:\/\/www.svmed.ch\/rapport-2020\/wp-content\/uploads\/sites\/19\/2021\/01\/cmv-baumettes-0507-1-2048x1536.jpg 2048w\" sizes=\"auto, (max-width: 667px) 100vw, 667px\" \/><p id=\"caption-attachment-1088\" class=\"wp-caption-text\">\u00a9 Laurent Kaczor<\/p><\/div>\n<p>Enfin, malgr\u00e9 la situation \u00e9pid\u00e9miologique, nous avons pu maintenir deux <strong>formations continues<\/strong> en 2020, les deux tr\u00e8s appr\u00e9ci\u00e9es par les participants\u00a0: une sur comment d\u00e9prescrire en EMS, donn\u00e9e par le Prof. B\u00fcla et une autre \u00e0 la suite de l\u2019assembl\u00e9e g\u00e9n\u00e9rale de novembre, donn\u00e9e par la Prof. Broers, sur l\u2019utilisation des cannabino\u00efdes en EMS.<\/p>\n<p>Mon souhait pour 2021 est que la vaccination puisse nous permettre de tourner la page Covid et revenir ainsi \u00e0 une certaine normalit\u00e9 dans la pratique de notre beau travail de m\u00e9decin d\u2019EMS.<\/p>\n<p><strong>Dre Tosca Bizzozzero<\/strong><br \/>\nPr\u00e9sidente du Groupement des m\u00e9decins travaillant en \u00e9tablissement m\u00e9dico-social (GMEMS)<\/p>\n<p><a href=\"https:\/\/www.svmed.ch\/association\/groupements-et-commissions\/groupement-des-medecins-travaillant-en-etablissement-medico-social-gmems\/\" target=\"_blank\" rel=\"noopener noreferrer\">En savoir plus sur le GMEMS<\/a><\/p>\n<\/div>","protected":false},"excerpt":{"rendered":"<p>Comme pour la plupart des groupements de la SVM, l\u2019activit\u00e9 de l\u2019ann\u00e9e 2020 du Groupement des m\u00e9decins travaillant en \u00e9tablissement m\u00e9dico-social (GMEMS) pourrait se r\u00e9sumer en un seul mot\u00a0: SARS-COV-2. Cet agent infectieux microscopique \u00e0 l\u2019origine de la maladie Covid-19 a eu le pouvoir d\u2019\u00e9branler nos vies et modifier consid\u00e9rablement notre travail dans les EMS. [&hellip;]<\/p>\n","protected":false},"author":4,"featured_media":0,"parent":18,"menu_order":12,"comment_status":"closed","ping_status":"closed","template":"","meta":{"_acf_changed":false,"inline_featured_image":false,"footnotes":""},"class_list":["post-232","page","type-page","status-publish","hentry"],"acf":[],"publishpress_future_action":{"enabled":false,"date":"2026-04-20 17:16:01","action":"change-status","newStatus":"draft","terms":[],"taxonomy":"","extraData":[]},"publishpress_future_workflow_manual_trigger":{"enabledWorkflows":[]},"_links":{"self":[{"href":"https:\/\/www.svmed.ch\/rapport-2020\/wp-json\/wp\/v2\/pages\/232","targetHints":{"allow":["GET"]}}],"collection":[{"href":"https:\/\/www.svmed.ch\/rapport-2020\/wp-json\/wp\/v2\/pages"}],"about":[{"href":"https:\/\/www.svmed.ch\/rapport-2020\/wp-json\/wp\/v2\/types\/page"}],"author":[{"embeddable":true,"href":"https:\/\/www.svmed.ch\/rapport-2020\/wp-json\/wp\/v2\/users\/4"}],"replies":[{"embeddable":true,"href":"https:\/\/www.svmed.ch\/rapport-2020\/wp-json\/wp\/v2\/comments?post=232"}],"version-history":[{"count":16,"href":"https:\/\/www.svmed.ch\/rapport-2020\/wp-json\/wp\/v2\/pages\/232\/revisions"}],"predecessor-version":[{"id":1155,"href":"https:\/\/www.svmed.ch\/rapport-2020\/wp-json\/wp\/v2\/pages\/232\/revisions\/1155"}],"up":[{"embeddable":true,"href":"https:\/\/www.svmed.ch\/rapport-2020\/wp-json\/wp\/v2\/pages\/18"}],"wp:attachment":[{"href":"https:\/\/www.svmed.ch\/rapport-2020\/wp-json\/wp\/v2\/media?parent=232"}],"curies":[{"name":"wp","href":"https:\/\/api.w.org\/{rel}","templated":true}]}}