{"id":247,"date":"2019-05-01T14:26:45","date_gmt":"2019-05-01T12:26:45","guid":{"rendered":"https:\/\/www.svmed.ch\/rapport-2020\/?page_id=247"},"modified":"2021-03-15T15:10:55","modified_gmt":"2021-03-15T14:10:55","slug":"fonds-de-prevoyance","status":"publish","type":"page","link":"https:\/\/www.svmed.ch\/rapport-2020\/rapports\/fonds-de-prevoyance\/","title":{"rendered":"Fonds de pr\u00e9voyance"},"content":{"rendered":"<div class=\"the-content\"><p>En p\u00e9riode de pand\u00e9mie, faire preuve de r\u00e9silience devient absolument crucial. Or, votre Institution peut se targuer d\u2019avoir d\u00e9montr\u00e9 cette qualit\u00e9 durant l\u2019ann\u00e9e 2020.<\/p>\n<p>Dans son cas, plusieurs facteurs sont \u00e0 la base de cette r\u00e9silience, en particulier le syst\u00e8me d\u2019assurance compl\u00e8te qu\u2019elle a mis en place d\u00e8s l\u2019origine, dans lequel l\u2019\u00e9pargne est int\u00e9gralement garantie par le r\u00e9assureur. En effet, lorsque les incertitudes s\u2019accumulent et que les march\u00e9s financiers deviennent plus volatiles, toute prise de risque para\u00eet inappropri\u00e9e.<\/p>\n<p>Ce simple fait a permis au Fonds de maintenir un niveau d\u2019activit\u00e9 honorable, avec la conclusion d\u2019un nombre de nouvelles affaires certes en retrait par rapport aux ann\u00e9es pr\u00e9c\u00e9dentes, \u00e0 cause des p\u00e9riodes de confinement ou de semi-confinement, mais tout de m\u00eame encore assez significatif.\u00a0Ainsi, l\u2019effectif des assur\u00e9s s\u2019est finalement accru de 8%.<\/p>\n<p><img loading=\"lazy\" decoding=\"async\" class=\"alignnone wp-image-1145\" src=\"https:\/\/www.svmed.ch\/rapport-2020\/wp-content\/uploads\/sites\/19\/2021\/01\/fonds-de-prevoyance.jpg\" alt=\"\" width=\"740\" height=\"500\" srcset=\"https:\/\/www.svmed.ch\/rapport-2020\/wp-content\/uploads\/sites\/19\/2021\/01\/fonds-de-prevoyance.jpg 1920w, https:\/\/www.svmed.ch\/rapport-2020\/wp-content\/uploads\/sites\/19\/2021\/01\/fonds-de-prevoyance-300x203.jpg 300w, https:\/\/www.svmed.ch\/rapport-2020\/wp-content\/uploads\/sites\/19\/2021\/01\/fonds-de-prevoyance-1024x692.jpg 1024w, https:\/\/www.svmed.ch\/rapport-2020\/wp-content\/uploads\/sites\/19\/2021\/01\/fonds-de-prevoyance-768x519.jpg 768w, https:\/\/www.svmed.ch\/rapport-2020\/wp-content\/uploads\/sites\/19\/2021\/01\/fonds-de-prevoyance-1895x1280.jpg 1895w, https:\/\/www.svmed.ch\/rapport-2020\/wp-content\/uploads\/sites\/19\/2021\/01\/fonds-de-prevoyance-1536x1038.jpg 1536w\" sizes=\"auto, (max-width: 740px) 100vw, 740px\" \/><\/p>\n<p>Un autre facteur de r\u00e9silience peut \u00eatre observ\u00e9 dans le fait que tous les assur\u00e9s affili\u00e9s au Fonds de pr\u00e9voyance de la SVM au 31 d\u00e9cembre 2020 ont b\u00e9n\u00e9fici\u00e9 d\u2019une r\u00e9mun\u00e9ration de leur avoir de vieillesse de 1,5%, gr\u00e2ce \u00e0 l\u2019octroi d\u2019un int\u00e9r\u00eat compl\u00e9mentaire de 0,5%, comme en 2019. Cela n\u2019\u00e9tait pas acquis d\u2019avance.<\/p>\n<h2>Optimisation du r\u00e8glement de pr\u00e9voyance<\/h2>\n<p>De plus, le Fonds a saisi l\u2019occasion que lui fournissait l\u2019introduction de nouvelles dispositions de la Loi sur la pr\u00e9voyance professionnelle destin\u00e9es \u00e0 une meilleure protection des personnes salari\u00e9es de 58 ans et plus pour am\u00e9liorer les termes de son r\u00e8glement de pr\u00e9voyance, notamment en cas d\u2019ajournement des prestations de vieillesse.<\/p>\n<p>A pr\u00e9sent, le Fonds demeure bien positionn\u00e9 pour relever les multiples d\u00e9fis induits tant par la prolongation de la pand\u00e9mie, que par les interrogations que soul\u00e8ve le d\u00e9bat sur la r\u00e9forme de la pr\u00e9voyance professionnelle.<\/p>\n<p>Ses instances abordent donc l\u2019avenir avec lucidit\u00e9 et confiance, anim\u00e9es par la volont\u00e9 de servir au mieux les int\u00e9r\u00eats de tous les groupes d\u2019affili\u00e9s repr\u00e9sent\u00e9s au sein de l\u2019Institution.<\/p>\n<p><strong>Gilbert Smadja<\/strong><br \/>\nConsultant<\/p>\n<p><a href=\"https:\/\/www.svmed.ch\/services\/prevoyance-professionnelle\/\" target=\"_blank\" rel=\"noopener noreferrer\">En savoir plus sur le Fonds de pr\u00e9voyance de la SVM<\/a><\/p>\n<p><strong>Membres du Conseil de Fondation LPP<\/strong><\/p>\n<ul>\n<li>M. Pierre-Andr\u00e9 Repond, Pr\u00e9sident<\/li>\n<li>Dr Jean-Joseph Boillat<\/li>\n<li>M. Fr\u00e9d\u00e9ric Donati<\/li>\n<li>M. Pascal Fernandez<\/li>\n<li>Dr Patric Hagmann<\/li>\n<li>Dr Henri-Kim de Heller<\/li>\n<\/ul>\n<\/div>","protected":false},"excerpt":{"rendered":"<p>En p\u00e9riode de pand\u00e9mie, faire preuve de r\u00e9silience devient absolument crucial. Or, votre Institution peut se targuer d\u2019avoir d\u00e9montr\u00e9 cette qualit\u00e9 durant l\u2019ann\u00e9e 2020. Dans son cas, plusieurs facteurs sont \u00e0 la base de cette r\u00e9silience, en particulier le syst\u00e8me d\u2019assurance compl\u00e8te qu\u2019elle a mis en place d\u00e8s l\u2019origine, dans lequel l\u2019\u00e9pargne est int\u00e9gralement garantie [&hellip;]<\/p>\n","protected":false},"author":4,"featured_media":0,"parent":18,"menu_order":8,"comment_status":"closed","ping_status":"closed","template":"","meta":{"_acf_changed":false,"inline_featured_image":false,"footnotes":""},"class_list":["post-247","page","type-page","status-publish","hentry"],"acf":[],"publishpress_future_action":{"enabled":false,"date":"2026-04-20 15:32:25","action":"change-status","newStatus":"draft","terms":[],"taxonomy":"","extraData":[]},"publishpress_future_workflow_manual_trigger":{"enabledWorkflows":[]},"_links":{"self":[{"href":"https:\/\/www.svmed.ch\/rapport-2020\/wp-json\/wp\/v2\/pages\/247","targetHints":{"allow":["GET"]}}],"collection":[{"href":"https:\/\/www.svmed.ch\/rapport-2020\/wp-json\/wp\/v2\/pages"}],"about":[{"href":"https:\/\/www.svmed.ch\/rapport-2020\/wp-json\/wp\/v2\/types\/page"}],"author":[{"embeddable":true,"href":"https:\/\/www.svmed.ch\/rapport-2020\/wp-json\/wp\/v2\/users\/4"}],"replies":[{"embeddable":true,"href":"https:\/\/www.svmed.ch\/rapport-2020\/wp-json\/wp\/v2\/comments?post=247"}],"version-history":[{"count":17,"href":"https:\/\/www.svmed.ch\/rapport-2020\/wp-json\/wp\/v2\/pages\/247\/revisions"}],"predecessor-version":[{"id":1257,"href":"https:\/\/www.svmed.ch\/rapport-2020\/wp-json\/wp\/v2\/pages\/247\/revisions\/1257"}],"up":[{"embeddable":true,"href":"https:\/\/www.svmed.ch\/rapport-2020\/wp-json\/wp\/v2\/pages\/18"}],"wp:attachment":[{"href":"https:\/\/www.svmed.ch\/rapport-2020\/wp-json\/wp\/v2\/media?parent=247"}],"curies":[{"name":"wp","href":"https:\/\/api.w.org\/{rel}","templated":true}]}}