{"id":34,"date":"2019-04-09T12:13:31","date_gmt":"2019-04-09T10:13:31","guid":{"rendered":"https:\/\/www.svmed.ch\/rapport-2020\/?page_id=34"},"modified":"2021-02-16T18:12:57","modified_gmt":"2021-02-16T17:12:57","slug":"bilan-du-president-de-la-svm","status":"publish","type":"page","link":"https:\/\/www.svmed.ch\/rapport-2020\/bilan-du-president-de-la-svm\/","title":{"rendered":"Bilan du Pr\u00e9sident de la SVM"},"content":{"rendered":"<div class=\"the-content\"><p>Quelle ann\u00e9e\u2026<\/p>\n<p>En premier lieu, au nom du Comit\u00e9 de la Soci\u00e9t\u00e9 Vaudoise de M\u00e9decine, je souhaite ici saluer et remercier tous les m\u00e9decins vaudois qui se sont mobilis\u00e9s avec une \u00e9nergie admirable non seulement pour lutter contre le coronavirus, mais aussi pour continuer \u00e0 prendre en charge tous les autres probl\u00e8mes de sant\u00e9 moins m\u00e9diatis\u00e9s de la population pendant cette crise, que ce soit \u00e0 l\u2019h\u00f4pital, en clinique ou en cabinet.<\/p>\n<p>Ceci est d\u2019autant plus remarquable compte tenu de l\u2019interdiction d\u00e9cr\u00e9t\u00e9e de pratiquer tout acte non-urgent lors de la 1\u00e8re vague, et qui a conduit \u00e0 la fermeture pure et simple de certains cabinets pendant plusieurs jours, puis \u00e0 une pratique tr\u00e8s r\u00e9duite pour de nombreux lieux de soins pendant plus d\u2019un mois. Une p\u00e9riode noire que l\u2019on esp\u00e8re ne jamais revivre, tant elle aura \u00e9t\u00e9 mauvaise pour les patients, les m\u00e9decins et le personnel concern\u00e9.<\/p>\n<p>Un immense merci \u00e9galement aux m\u00e9decins retrait\u00e9s volontaires, sans oublier les \u00e9tudiants en m\u00e9decine, qui se sont mis \u00e0 disposition dans le cadre de cette crise. A tous niveaux, les m\u00e9decins vaudois\u00a0ont donc su montrer de mani\u00e8re exemplaire que la population pouvait compter sur eux\u00a0! Il est malheureusement encore trop t\u00f4t pour dresser un bilan de cette pand\u00e9mie au moment d\u2019\u00e9crire ses lignes, mais il appara\u00eet d\u2019ores et d\u00e9j\u00e0 \u00e9vident que le corps m\u00e9dical, avec l\u2019ensemble du personnel soignant, n\u2019aura pas failli \u00e0 sa mission, lorsqu\u2019on l\u2019a laiss\u00e9 agir et suivi ses propositions souvent relay\u00e9es dans les m\u00e9dias. Que ce soit en termes de pr\u00e9vention, de traitement, de d\u00e9pistage et dor\u00e9navant de vaccination\u00a0!<\/p>\n<p>La crise COVID a \u00e9videmment absorb\u00e9 une grande partie de l\u2019\u00e9nergie de la SVM en 2020, mais sans que nous ne n\u00e9gligions pour autant d\u2019autres dossiers d\u2019importance au niveau cantonal et f\u00e9d\u00e9ral, comme une lecture attentive des diff\u00e9rentes contributions de ce rapport vous permettra de le constater. Je veux ici aussi formellement exprimer la reconnaissance de la SVM \u00e0 tous nos membres qui consacrent du temps \u00e0 la politique professionnelle dans diff\u00e9rents organes internes \u00e0 l\u2019association, ou externes. Il s\u2019agit d\u2019une contribution essentielle \u00e0 la d\u00e9fense de nos int\u00e9r\u00eats, indissociables d\u2019ailleurs du maintien des conditions d\u2019exercice d\u2019une m\u00e9decine de qualit\u00e9.<\/p>\n<p><img loading=\"lazy\" decoding=\"async\" class=\"alignnone wp-image-552\" src=\"https:\/\/www.svmed.ch\/rapport-2020\/wp-content\/uploads\/sites\/19\/2019\/11\/20191003-svm-svph-281-e1613495508605-1024x637.jpg\" alt=\"\" width=\"804\" height=\"500\" srcset=\"https:\/\/www.svmed.ch\/rapport-2020\/wp-content\/uploads\/sites\/19\/2019\/11\/20191003-svm-svph-281-e1613495508605-1024x637.jpg 1024w, https:\/\/www.svmed.ch\/rapport-2020\/wp-content\/uploads\/sites\/19\/2019\/11\/20191003-svm-svph-281-e1613495508605-300x187.jpg 300w, https:\/\/www.svmed.ch\/rapport-2020\/wp-content\/uploads\/sites\/19\/2019\/11\/20191003-svm-svph-281-e1613495508605-768x478.jpg 768w, https:\/\/www.svmed.ch\/rapport-2020\/wp-content\/uploads\/sites\/19\/2019\/11\/20191003-svm-svph-281-e1613495508605-1920x1194.jpg 1920w, https:\/\/www.svmed.ch\/rapport-2020\/wp-content\/uploads\/sites\/19\/2019\/11\/20191003-svm-svph-281-e1613495508605-1536x955.jpg 1536w, https:\/\/www.svmed.ch\/rapport-2020\/wp-content\/uploads\/sites\/19\/2019\/11\/20191003-svm-svph-281-e1613495508605-2048x1274.jpg 2048w\" sizes=\"auto, (max-width: 804px) 100vw, 804px\" \/><\/p>\n<p>De l\u2019ann\u00e9e d\u00e9sormais sous revue, je retiendrais trois autres \u00e9l\u00e9ments \u00ab\u00a0hors COVID\u00a0\u00bb. Tout d\u2019abord, le plus r\u00e9jouissant, celui d\u2019une acc\u00e9l\u00e9ration de la f\u00e9minisation de la profession, clairement constat\u00e9e dans de nouvelles admissions majoritaires \u00e0 la SVM depuis 2 ans et d\u00e9sormais incarn\u00e9e pour les 4 prochaines ann\u00e9es au niveau suisse par la premi\u00e8re pr\u00e9sidente de l\u2019histoire de la FMH, la Dre Yvonne Gilli. Diff\u00e9rents enjeux en d\u00e9coulent, et il a d\u2019ores et d\u00e9j\u00e0 \u00e9t\u00e9 d\u00e9cid\u00e9 d\u2019y consacrer la prochaine Journ\u00e9e annuelle de la SVM, en octobre 2021. En souhaitant naturellement qu\u2019elle puisse avoir lieu.<\/p>\n<p>Deuxi\u00e8mement, la question de la transparence dans les co\u00fbts de la sant\u00e9, pour laquelle m\u00e9decins vaudois et romands se battent maintenant depuis des ann\u00e9es. Faute de transparence, notre syst\u00e8me statistique est obsol\u00e8te, l\u2019acc\u00e8s rapide \u00e0 des donn\u00e9es fiables r\u00e9centes fait d\u00e9faut, et surtout leur neutralit\u00e9 n\u2019est pas garantie. Le refus final du Parlement en fin d\u2019ann\u00e9e 2020 de donner un modeste coup d\u2019acc\u00e9l\u00e9rateur \u00e0 des r\u00e9formes n\u00e9cessaires en la mati\u00e8re est regrettable, malgr\u00e9 les promesses faites par le Conseil f\u00e9d\u00e9ral de s\u2019y pencher dans le cadre d\u2019une future strat\u00e9gie nationale des donn\u00e9es. Alors qu\u2019il pourrait garantir une analyse objective, l\u2019OFS est maintenu aux ordres de son autorit\u00e9 de tutelle, et des d\u00e9cisions importantes pour la qualit\u00e9 et l\u2019accessibilit\u00e9 du syst\u00e8me suisse de sant\u00e9 seront donc prises avec une vision floue ou tronqu\u00e9e de la r\u00e9alit\u00e9. Par cons\u00e9quent, il faut encore s\u2019attendre \u00e0 devoir consacrer de l\u2019\u00e9nergie \u00e0 de nombreuses batailles de chiffres pour \u00e9viter des r\u00e9formes abusives, plut\u00f4t qu\u2019\u00e0 trouver des solutions intelligentes \u00e0 des probl\u00e8mes clairement document\u00e9s.<\/p>\n<p>Troisi\u00e8mement, m\u00eame si le partenariat DSAS-SVM a pu \u00eatre \u00e9tendu \u00e0 deux nouveaux domaines de collaboration en 2020 (m\u00e9decine hospitali\u00e8re et co\u00fbts de la sant\u00e9), ann\u00e9e qui \u00e9tait aussi celle de son dixi\u00e8me anniversaire, on a n\u00e9anmoins pu observer \u00e0 la lumi\u00e8re de la crise certains r\u00e9flexes conditionn\u00e9s clairement d\u00e9favorables au secteur ambulatoire priv\u00e9, donc aux m\u00e9decins install\u00e9s et aux cliniques. Cela a tout particuli\u00e8rement interpell\u00e9 la SVM, alors que l\u2019union sacr\u00e9e sanitaire aurait plus que jamais d\u00fb pr\u00e9valoir \u00e0 tous les niveaux. Pour une prise en charge sanitaire optimale de la population, il convient donc de r\u00e9affirmer ici l\u2019indispensable compl\u00e9mentarit\u00e9 entre secteur public et priv\u00e9 de la sant\u00e9, d\u2019ailleurs inscrite dans la LAMal. Et la n\u00e9cessit\u00e9 imp\u00e9rative dans toute future planification sanitaire cantonale de mieux int\u00e9grer, dans le respect de la jurisprudence, toutes les ressources existantes.<\/p>\n<p>Enfin, je ne puis clore ce bilan sans adresser un grand coup de chapeau \u00e0 l\u2019\u00e9quipe du secr\u00e9tariat g\u00e9n\u00e9ral de la SVM, qui a aussi relev\u00e9 avec brio le d\u00e9fi de cette situation extraordinaire, en particulier dans sa capacit\u00e9 \u00e0 maintenir la liaison avec nos 3800 membres. Gr\u00e2ce \u00e0 son engagement et sa pr\u00e9voyance, notre vie associative a ainsi pu continuer \u00e0 se d\u00e9rouler avec un minimum de d\u00e9sagr\u00e9ments, si ce n\u2019est \u00e9videmment celui de ne pouvoir se rencontrer autant que souhait\u00e9. Au contraire m\u00eame, la SVM sort de cette ann\u00e9e folle avec des comp\u00e9tences renforc\u00e9es, qui lui permettront au-del\u00e0 de la crise de contribuer de mani\u00e8re renouvel\u00e9e \u00e0 l\u2019unit\u00e9 et la solidarit\u00e9 du corps m\u00e9dical vaudois.<\/p>\n<p>Dr Philippe Eggimann, pr\u00e9sident de la SVM<\/p>\n<\/div>","protected":false},"excerpt":{"rendered":"<p>Quelle ann\u00e9e\u2026 En premier lieu, au nom du Comit\u00e9 de la Soci\u00e9t\u00e9 Vaudoise de M\u00e9decine, je souhaite ici saluer et remercier tous les m\u00e9decins vaudois qui se sont mobilis\u00e9s avec une \u00e9nergie admirable non seulement pour lutter contre le coronavirus, mais aussi pour continuer \u00e0 prendre en charge tous les autres probl\u00e8mes de sant\u00e9 moins [&hellip;]<\/p>\n","protected":false},"author":1,"featured_media":0,"parent":0,"menu_order":0,"comment_status":"closed","ping_status":"closed","template":"","meta":{"_acf_changed":false,"inline_featured_image":false,"footnotes":""},"class_list":["post-34","page","type-page","status-publish","hentry"],"acf":[],"publishpress_future_action":{"enabled":false,"date":"2026-04-22 14:22:24","action":"change-status","newStatus":"draft","terms":[],"taxonomy":"","extraData":[]},"publishpress_future_workflow_manual_trigger":{"enabledWorkflows":[]},"_links":{"self":[{"href":"https:\/\/www.svmed.ch\/rapport-2020\/wp-json\/wp\/v2\/pages\/34","targetHints":{"allow":["GET"]}}],"collection":[{"href":"https:\/\/www.svmed.ch\/rapport-2020\/wp-json\/wp\/v2\/pages"}],"about":[{"href":"https:\/\/www.svmed.ch\/rapport-2020\/wp-json\/wp\/v2\/types\/page"}],"author":[{"embeddable":true,"href":"https:\/\/www.svmed.ch\/rapport-2020\/wp-json\/wp\/v2\/users\/1"}],"replies":[{"embeddable":true,"href":"https:\/\/www.svmed.ch\/rapport-2020\/wp-json\/wp\/v2\/comments?post=34"}],"version-history":[{"count":29,"href":"https:\/\/www.svmed.ch\/rapport-2020\/wp-json\/wp\/v2\/pages\/34\/revisions"}],"predecessor-version":[{"id":1165,"href":"https:\/\/www.svmed.ch\/rapport-2020\/wp-json\/wp\/v2\/pages\/34\/revisions\/1165"}],"wp:attachment":[{"href":"https:\/\/www.svmed.ch\/rapport-2020\/wp-json\/wp\/v2\/media?parent=34"}],"curies":[{"name":"wp","href":"https:\/\/api.w.org\/{rel}","templated":true}]}}