{"id":932,"date":"2020-03-17T15:03:57","date_gmt":"2020-03-17T14:03:57","guid":{"rendered":"https:\/\/www.svmed.ch\/rapport-2020\/?page_id=932"},"modified":"2021-01-27T17:27:07","modified_gmt":"2021-01-27T16:27:07","slug":"mediation","status":"publish","type":"page","link":"https:\/\/www.svmed.ch\/rapport-2020\/rapports\/mediation\/","title":{"rendered":"M\u00e9diation"},"content":{"rendered":"<div class=\"the-content\"><p>Si l\u2019ann\u00e9e fut particuli\u00e8rement agit\u00e9e \u00e0 bien des \u00e9gards, le service de m\u00e9diation de la SVM n&rsquo;a cependant pas \u00e9t\u00e9 sollicit\u00e9 durant cet exercice.<\/p>\n<p>A noter que la Dre Anne-Claire Bloesch, m\u00e9diatrice de la SVM, est remplac\u00e9e dans ses fonctions par le Dr Michel Hosner. La SVM tient \u00e0 la f\u00e9liciter pour son engagement.<\/p>\n<p><a href=\"https:\/\/www.svmed.ch\/patients\/deontologie-et-mediation\/\" target=\"_blank\" rel=\"noopener noreferrer\">En savoir plus sur le service de m\u00e9diation<\/a><\/p>\n<p><img loading=\"lazy\" decoding=\"async\" class=\"alignnone wp-image-1157\" src=\"https:\/\/www.svmed.ch\/rapport-2020\/wp-content\/uploads\/sites\/19\/2021\/01\/mediation.jpg\" alt=\"\" width=\"750\" height=\"500\" srcset=\"https:\/\/www.svmed.ch\/rapport-2020\/wp-content\/uploads\/sites\/19\/2021\/01\/mediation.jpg 1920w, https:\/\/www.svmed.ch\/rapport-2020\/wp-content\/uploads\/sites\/19\/2021\/01\/mediation-300x200.jpg 300w, https:\/\/www.svmed.ch\/rapport-2020\/wp-content\/uploads\/sites\/19\/2021\/01\/mediation-1024x683.jpg 1024w, https:\/\/www.svmed.ch\/rapport-2020\/wp-content\/uploads\/sites\/19\/2021\/01\/mediation-768x512.jpg 768w, https:\/\/www.svmed.ch\/rapport-2020\/wp-content\/uploads\/sites\/19\/2021\/01\/mediation-1536x1024.jpg 1536w\" sizes=\"auto, (max-width: 750px) 100vw, 750px\" \/><\/p>\n<\/div>","protected":false},"excerpt":{"rendered":"<p>Si l\u2019ann\u00e9e fut particuli\u00e8rement agit\u00e9e \u00e0 bien des \u00e9gards, le service de m\u00e9diation de la SVM n&rsquo;a cependant pas \u00e9t\u00e9 sollicit\u00e9 durant cet exercice. A noter que la Dre Anne-Claire Bloesch, m\u00e9diatrice de la SVM, est remplac\u00e9e dans ses fonctions par le Dr Michel Hosner. La SVM tient \u00e0 la f\u00e9liciter pour son engagement. En [&hellip;]<\/p>\n","protected":false},"author":4,"featured_media":0,"parent":18,"menu_order":13,"comment_status":"closed","ping_status":"closed","template":"","meta":{"_acf_changed":false,"inline_featured_image":false,"footnotes":""},"class_list":["post-932","page","type-page","status-publish","hentry"],"acf":[],"publishpress_future_action":{"enabled":false,"date":"2026-04-20 15:32:07","action":"change-status","newStatus":"draft","terms":[],"taxonomy":"","extraData":[]},"publishpress_future_workflow_manual_trigger":{"enabledWorkflows":[]},"_links":{"self":[{"href":"https:\/\/www.svmed.ch\/rapport-2020\/wp-json\/wp\/v2\/pages\/932","targetHints":{"allow":["GET"]}}],"collection":[{"href":"https:\/\/www.svmed.ch\/rapport-2020\/wp-json\/wp\/v2\/pages"}],"about":[{"href":"https:\/\/www.svmed.ch\/rapport-2020\/wp-json\/wp\/v2\/types\/page"}],"author":[{"embeddable":true,"href":"https:\/\/www.svmed.ch\/rapport-2020\/wp-json\/wp\/v2\/users\/4"}],"replies":[{"embeddable":true,"href":"https:\/\/www.svmed.ch\/rapport-2020\/wp-json\/wp\/v2\/comments?post=932"}],"version-history":[{"count":6,"href":"https:\/\/www.svmed.ch\/rapport-2020\/wp-json\/wp\/v2\/pages\/932\/revisions"}],"predecessor-version":[{"id":1042,"href":"https:\/\/www.svmed.ch\/rapport-2020\/wp-json\/wp\/v2\/pages\/932\/revisions\/1042"}],"up":[{"embeddable":true,"href":"https:\/\/www.svmed.ch\/rapport-2020\/wp-json\/wp\/v2\/pages\/18"}],"wp:attachment":[{"href":"https:\/\/www.svmed.ch\/rapport-2020\/wp-json\/wp\/v2\/media?parent=932"}],"curies":[{"name":"wp","href":"https:\/\/api.w.org\/{rel}","templated":true}]}}