{"id":1474,"date":"2022-03-28T10:42:28","date_gmt":"2022-03-28T08:42:28","guid":{"rendered":"https:\/\/www.svmed.ch\/rapport-2021\/?page_id=1474"},"modified":"2022-03-28T13:03:04","modified_gmt":"2022-03-28T11:03:04","slug":"introduction","status":"publish","type":"page","link":"https:\/\/www.svmed.ch\/rapport-2021\/faits-marquants\/introduction\/","title":{"rendered":"Introduction"},"content":{"rendered":"<div class=\"the-content\"><p><em><strong>Par Pierre-Andr\u00e9 Repond, secr\u00e9taire g\u00e9n\u00e9ral de la SVM<\/strong><\/em><\/p>\n<p style=\"font-size: 16px;\"><img loading=\"lazy\" decoding=\"async\" class=\"wp-image-753 alignleft\" src=\"https:\/\/www.svmed.ch\/rapport-2021\/wp-content\/uploads\/sites\/25\/2019\/12\/pierre-andre-repond-2019.jpg\" alt=\"\" width=\"246\" height=\"369\" data-wp-editing=\"1\" srcset=\"https:\/\/www.svmed.ch\/rapport-2021\/wp-content\/uploads\/sites\/25\/2019\/12\/pierre-andre-repond-2019.jpg 4480w, https:\/\/www.svmed.ch\/rapport-2021\/wp-content\/uploads\/sites\/25\/2019\/12\/pierre-andre-repond-2019-200x300.jpg 200w, https:\/\/www.svmed.ch\/rapport-2021\/wp-content\/uploads\/sites\/25\/2019\/12\/pierre-andre-repond-2019-768x1152.jpg 768w, https:\/\/www.svmed.ch\/rapport-2021\/wp-content\/uploads\/sites\/25\/2019\/12\/pierre-andre-repond-2019-683x1024.jpg 683w, https:\/\/www.svmed.ch\/rapport-2021\/wp-content\/uploads\/sites\/25\/2019\/12\/pierre-andre-repond-2019-853x1280.jpg 853w\" sizes=\"auto, (max-width: 246px) 100vw, 246px\" \/><\/p>\n<p>&nbsp;<\/p>\n<p>L\u2019ann\u00e9e 2021 de la SVM a \u00e9videmment encore \u00e9t\u00e9 impact\u00e9e par la crise du coronavirus, que ce soit en termes d\u2019organisation, de communication interne et externe, de d\u00e9fense des membres et de relations avec nos partenaires, sans que nous perdions heureusement le fil de dossiers strat\u00e9giques prioritaires. Ce mill\u00e9sime aura n\u00e9anmoins co\u00efncid\u00e9 avec la fin proche de nombreux cycles aux niveaux f\u00e9d\u00e9ral, cantonal et corporatif dont on peine encore \u00e0 cerner l\u2019impact futur cumul\u00e9 sur les m\u00e9decins suisses et vaudois, et au-del\u00e0 sur le syst\u00e8me de sant\u00e9.<\/p>\n<p>La seule chose probablement acquise pour l\u2019heure est que certains r\u00e9\u00e9quilibrages ne manqueront pas de s\u2019op\u00e9rer ces prochaines ann\u00e9es, et que la Soci\u00e9t\u00e9 vaudoise de m\u00e9decine, bient\u00f4t \u00e0 l\u2019aube de son 200e anniversaire (2029), ne manquera pas de combats \u00e0 mener !<\/p>\n<\/div>","protected":false},"excerpt":{"rendered":"<p>Par Pierre-Andr\u00e9 Repond, secr\u00e9taire g\u00e9n\u00e9ral de la SVM &nbsp; L\u2019ann\u00e9e 2021 de la SVM a \u00e9videmment encore \u00e9t\u00e9 impact\u00e9e par la crise du coronavirus, que ce soit en termes d\u2019organisation, de communication interne et externe, de d\u00e9fense des membres et de relations avec nos partenaires, sans que nous perdions heureusement le fil de dossiers strat\u00e9giques [&hellip;]<\/p>\n","protected":false},"author":1,"featured_media":0,"parent":1222,"menu_order":0,"comment_status":"closed","ping_status":"closed","template":"","meta":{"_acf_changed":false,"inline_featured_image":false,"footnotes":""},"class_list":["post-1474","page","type-page","status-publish","hentry"],"acf":[],"publishpress_future_action":{"enabled":false,"date":"2026-04-20 15:32:06","action":"change-status","newStatus":"draft","terms":[],"taxonomy":"","extraData":[]},"publishpress_future_workflow_manual_trigger":{"enabledWorkflows":[]},"_links":{"self":[{"href":"https:\/\/www.svmed.ch\/rapport-2021\/wp-json\/wp\/v2\/pages\/1474","targetHints":{"allow":["GET"]}}],"collection":[{"href":"https:\/\/www.svmed.ch\/rapport-2021\/wp-json\/wp\/v2\/pages"}],"about":[{"href":"https:\/\/www.svmed.ch\/rapport-2021\/wp-json\/wp\/v2\/types\/page"}],"author":[{"embeddable":true,"href":"https:\/\/www.svmed.ch\/rapport-2021\/wp-json\/wp\/v2\/users\/1"}],"replies":[{"embeddable":true,"href":"https:\/\/www.svmed.ch\/rapport-2021\/wp-json\/wp\/v2\/comments?post=1474"}],"version-history":[{"count":6,"href":"https:\/\/www.svmed.ch\/rapport-2021\/wp-json\/wp\/v2\/pages\/1474\/revisions"}],"predecessor-version":[{"id":1519,"href":"https:\/\/www.svmed.ch\/rapport-2021\/wp-json\/wp\/v2\/pages\/1474\/revisions\/1519"}],"up":[{"embeddable":true,"href":"https:\/\/www.svmed.ch\/rapport-2021\/wp-json\/wp\/v2\/pages\/1222"}],"wp:attachment":[{"href":"https:\/\/www.svmed.ch\/rapport-2021\/wp-json\/wp\/v2\/media?parent=1474"}],"curies":[{"name":"wp","href":"https:\/\/api.w.org\/{rel}","templated":true}]}}