{"id":1480,"date":"2022-03-28T10:39:52","date_gmt":"2022-03-28T08:39:52","guid":{"rendered":"https:\/\/www.svmed.ch\/rapport-2021\/?page_id=1480"},"modified":"2022-05-16T17:54:14","modified_gmt":"2022-05-16T15:54:14","slug":"vie-associative","status":"publish","type":"page","link":"https:\/\/www.svmed.ch\/rapport-2021\/faits-marquants\/vie-associative\/","title":{"rendered":"Vie associative"},"content":{"rendered":"<div class=\"the-content\"><p><em><strong>Par Pierre-Andr\u00e9 Repond, secr\u00e9taire g\u00e9n\u00e9ral de la SVM<\/strong><\/em><\/p>\n<h2>Sommaire<\/h2>\n<p><strong>Soci\u00e9t\u00e9 vaudoise de m\u00e9decine\u00a0: vie associative<\/strong><\/p>\n<ul>\n<li><a href=\"#collectivite-svm\">Collectivit\u00e9 des membres<\/a><\/li>\n<li><a href=\"#ad-svm\">Assembl\u00e9e des D\u00e9l\u00e9gu\u00e9s (AD)<\/a><\/li>\n<li><a href=\"#comite-svm\">Comit\u00e9<\/a><\/li>\n<li><a href=\"#conference-presidents\">Conf\u00e9rence des pr\u00e9sidents<\/a><\/li>\n<li><a href=\"#secretariat-general\">Secr\u00e9tariat g\u00e9n\u00e9ral<\/a><\/li>\n<li><a href=\"#archives-bicentenaire\">Archives et bicentenaire SVM<\/a><\/li>\n<li><a href=\"#communication\">Communication<\/a><\/li>\n<\/ul>\n<h2>Soci\u00e9t\u00e9 vaudoise de m\u00e9decine\u00a0: vie associative<\/h2>\n<p>&nbsp;<\/p>\n<p id=\"collectivite-svm\"><span style=\"color: #81292e;\"><strong>Collectivit\u00e9 des membres.<\/strong><\/span> La SVM comptait 3\u2019875 membres \u00e0 fin 2021 (+154), dont 2\u2019981 en activit\u00e9 (+85). Sur l\u2019ensemble de l\u2019ann\u00e9e, il a \u00e9t\u00e9 recens\u00e9 200 admissions pour 91 d\u00e9missions, d\u00e9parts \u00e0 la retraite et d\u00e9c\u00e8s. La f\u00e9minisation de l\u2019association s\u2019est poursuivie en 2021 avec pour la troisi\u00e8me ann\u00e9e cons\u00e9cutive plus de nouvelles membres (+102\u00a0; 51%) que de nouveaux membres (+98\u00a0; 49%).<\/p>\n<p>Le statut de membre honoraire a \u00e9t\u00e9 conf\u00e9r\u00e9 lors de l\u2019ann\u00e9e sous revue \u00e0 18 m\u00e9decins (\u00e9m\u00e9rites retrait\u00e9s, membres de longue date), soit\u00a0: Dr Arido Agrifoglio, Dr Petr Cech, Dre Anne Eckert-Pfister, Dr Philippe G. Eckert, Prof. Heinz Fankhauser, Dr Pierre Flubacher, Dr Jacques Gabioud, Dr Bernard Giorgis, Dr Didier Grob, Dre Anne-Lise Gudinchet, Dre Lilli Herzig, Dr Antoine Jallut, Prof. Patrice Jichlinski, Dre Alice Krayenbuhl-Huber, Dr Matthew Krayenbuhl, Dr Hansj\u00f6rg Lang, Dre Martine Monney Deshaie, Dr G\u00e9rard Wagner.<\/p>\n<p id=\"ad-svm\"><span style=\"color: #81292e;\"><strong>Assembl\u00e9e des D\u00e9l\u00e9gu\u00e9s (AD).<\/strong><\/span> Malgr\u00e9 la pand\u00e9mie, les trois AD pr\u00e9vues de la SVM (25 mars, 24 juin et 25 novembre) ont pu avoir lieu en 2021\u00a0: la premi\u00e8re en visioconf\u00e9rence et les deux suivantes masqu\u00e9es. En novembre, le Dr Paul Wiesel a \u00e9t\u00e9 nomm\u00e9 \u00e0 une tr\u00e8s large majorit\u00e9 \u00e0 la pr\u00e9sidence du Bureau de l\u2019AD et officiera d\u00e8s 2022 comme le nouveau pr\u00e9sident du \u00ab\u00a0Parlement des m\u00e9decins vaudois\u00a0\u00bb. Il succ\u00e8de au Dr Jacques Baudat, que la SVM remercie de son remarquable engagement pendant quatre ann\u00e9es. A noter que des \u00e9lections g\u00e9n\u00e9rales \u00e0 l\u2019AD de SVM se d\u00e9rouleront en 2022, avec un nouveau mode de calcul de la r\u00e9partition des d\u00e9l\u00e9gu\u00e9s.<\/p>\n<p>Les informations d\u00e9taill\u00e9es sur l\u2019AD et ses travaux (composition, PV, ordres du jour, documents, etc.) sont disponibles pour les membres sur le site web de la SVM.<\/p>\n<p><strong>En savoir plus :<\/strong><\/p>\n<ul>\n<li><a href=\"https:\/\/www.svmed.ch\/association\/assemblee-des-delegues\/\" target=\"_blank\" rel=\"noopener\">Page de l\u2019Assembl\u00e9e des D\u00e9l\u00e9gu\u00e9s de la SVM<\/a><\/li>\n<li>Lire le <a href=\"https:\/\/www.svmed.ch\/rapport-2021\/rapports\/assemblee-des-delegues\/\" target=\"_blank\" rel=\"noopener\">rapport du pr\u00e9sident de l\u2019AD<\/a><\/li>\n<\/ul>\n<p id=\"comite-svm\"><span style=\"color: #81292e;\"><strong>Comit\u00e9.<\/strong><\/span> Le Comit\u00e9 de la SVM est rest\u00e9 inchang\u00e9 en 2021. Lors de l\u2019AD de mars, les mandats du Prof. Olivier Lamy et de la Dre S\u00e9verine Oppliger ont \u00e9t\u00e9 renouvel\u00e9s \u00e0 une large majorit\u00e9.<\/p>\n<p>Composition\u00a0: Dr Philippe Eggimann (Pr\u00e9sident), Dr Adrien Tempia (Vice-Pr\u00e9sident), Dr St\u00e9phane Lambert, Dr Philippe Saegesser, Dre S\u00e9verine Oppliger, Prof. Olivier Lamy, Dr Patrick Bovier, Dre Isabelle Rappaz Gervaix, Dr David Knobel.<\/p>\n<p><strong>A lire \u00e9galement\u00a0: <a href=\"https:\/\/www.svmed.ch\/rapport-2021\/bilan-du-president-de-la-svm\/\" target=\"_blank\" rel=\"noopener\">Bilan 2021 du pr\u00e9sident du Comit\u00e9 de la SVM<\/a><\/strong><\/p>\n<p id=\"conference-presidents\"><strong><span style=\"color: #81292e;\">Conf\u00e9rence des pr\u00e9sidents.<\/span><\/strong> Organe au r\u00f4le consultatif, la Conf\u00e9rence des pr\u00e9sidents r\u00e9unit ponctuellement les pr\u00e9sidents de groupements pour d\u00e9battre de probl\u00e9matiques d\u2019actualit\u00e9. En 2021, deux conf\u00e9rences des pr\u00e9sidents ont pu avoir lieu, toutes en visioconf\u00e9rence\u00a0: le 21 janvier sur la vaccination Covid-19 dans les cabinets m\u00e9dicaux et le 21 septembre sur les n\u00e9gociations en cours de la SVM.<\/p>\n<p><img loading=\"lazy\" decoding=\"async\" class=\"alignnone wp-image-1437\" src=\"https:\/\/www.svmed.ch\/rapport-2021\/wp-content\/uploads\/sites\/25\/2022\/03\/conference-presidents-vaccination-janvier-2021.png\" alt=\"\" width=\"938\" height=\"500\" srcset=\"https:\/\/www.svmed.ch\/rapport-2021\/wp-content\/uploads\/sites\/25\/2022\/03\/conference-presidents-vaccination-janvier-2021.png 1024w, https:\/\/www.svmed.ch\/rapport-2021\/wp-content\/uploads\/sites\/25\/2022\/03\/conference-presidents-vaccination-janvier-2021-300x160.png 300w, https:\/\/www.svmed.ch\/rapport-2021\/wp-content\/uploads\/sites\/25\/2022\/03\/conference-presidents-vaccination-janvier-2021-768x410.png 768w\" sizes=\"auto, (max-width: 938px) 100vw, 938px\" \/><br \/>\n<span id=\"secretariat-general-home\"><\/span><\/p>\n<p id=\"secretariat-general\"><strong><span style=\"color: #81292e;\">Secr\u00e9tariat g\u00e9n\u00e9ral.<\/span><\/strong> Comme en 2020, l\u2019ann\u00e9e 2021 pour le Secr\u00e9tariat g\u00e9n\u00e9ral aura \u00e9t\u00e9 largement plac\u00e9e sous le signe du t\u00e9l\u00e9travail. Gr\u00e2ce \u00e0 une \u00e9quipe comp\u00e9tente et stable gagnant progressivement en exp\u00e9rience, la continuit\u00e9 du fonctionnement de la soci\u00e9t\u00e9 a n\u00e9anmoins pu \u00eatre assur\u00e9e sans heurts particuliers, \u00e0 la fois vis-\u00e0-vis des membres et des partenaires.<\/p>\n<p>Le <strong>service aux membres<\/strong> aura \u00e9t\u00e9 encore plus sollicit\u00e9 en 2021 qu\u2019en 2020 (5746 t\u00e9l\u00e9phones, 17\u2019015 courriels\u00a0!) en lien \u00e9videmment avec la pand\u00e9mie. Malgr\u00e9 cette charge croissante, le Service aux membres a \u00e9t\u00e9 impliqu\u00e9 sur plusieurs dossiers transversaux, notamment la mise \u00e0 jour de la liste des m\u00e9decins-conseils, la r\u00e9organisation de la comptabilit\u00e9, et bien s\u00fbr l\u2019accueil des membres lors des \u00e9v\u00e9nements SVM. A noter que situation sanitaire oblige, il n\u2019y a pas eu de s\u00e9ance conviviale d\u2019accueil pour les nouveaux membres en 2021, mais ceux-ci ont n\u00e9anmoins pu pr\u00eater serment lors de la Journ\u00e9e de la SVM.<\/p>\n<p>Des mesures ont aussi \u00e9t\u00e9 prises pour assurer la qualit\u00e9 de la r\u00e9ponse de la SVM aux nombreuses demandes concernant la <strong>permanence juridique<\/strong>. En particulier, le traitement des demandes juridiques se d\u00e9roule d\u00e9sormais les mardis et jeudis apr\u00e8s-midi, et un travail important a \u00e9t\u00e9 consenti pour mettre \u00e0 jour les FAQ de la SVM, d\u00e9sormais plus ais\u00e9es \u00e0 consulter sur le site web, et id\u00e9alement en amont d\u2019une demande par mail ou t\u00e9l\u00e9phone.<\/p>\n<p>A relever \u00e9galement (en collaboration avec l\u2019ASMAV, le CHUV et Unisant\u00e9), l\u2019organisation d\u2019un cours en 3 soir\u00e9es incluant un volet juridique pour les m\u00e9decins d\u00e9sirant s\u2019installer en cabinet. Le <strong>service juridique<\/strong> de la SVM a par ailleurs \u00e9t\u00e9 intens\u00e9ment mobilis\u00e9 dans la cadre de la r\u00e9ponse \u00e0 des consultations, notamment celles importantes de la planification hospitali\u00e8re, de la clause du besoin et de la r\u00e9forme de l\u2019organisation des soins pr\u00e9hospitaliers. Il a \u00e9galement soutenu les discussions et n\u00e9gociations dans le domaine des tarifs, des prestations d\u2019assurances priv\u00e9es et des CCT.<\/p>\n<p>A noter qu\u2019apr\u00e8s des ann\u00e9es de services tr\u00e8s appr\u00e9ci\u00e9s, l\u2019expert ind\u00e9pendant Gilbert Smadja a transmis en 2021 ses fonctions de gestionnaire administratif du <strong>Fonds de pr\u00e9voyance de la SVM<\/strong> \u00e0 Retraites Populaires (Christophe Cavin, directeur adjoint). L\u2019ann\u00e9e a par ailleurs \u00e9t\u00e9 marqu\u00e9e par le franchissement du cap symbolique de 1000 affili\u00e9s \u00e0 notre fondation LPP, avec un taux de croissance plus rapide que d\u2019autres caisses illustrant clairement l\u2019attractivit\u00e9 des prestations.<\/p>\n<p><strong>En savoir plus\u00a0: <a href=\"https:\/\/www.svmed.ch\/rapport-2021\/rapports\/fonds-de-prevoyance\/\" target=\"_blank\" rel=\"noopener\">Rapport 2021 du Fonds de pr\u00e9voyance SVM<\/a><\/strong><br \/>\n<span id=\"archives-bicentenaire-home\"><\/span><\/p>\n<p>Fort de ses plus de 2000 membres, le <strong>Centre de Confiance (CdC)<\/strong> a quant \u00e0 lui poursuivi ses activit\u00e9s normalement tout au long de la deuxi\u00e8me ann\u00e9e de pand\u00e9mie. Celle-ci a vu le monde entier adopter une transformation digitale in\u00e9dite, d\u00e9mat\u00e9rialisant les activit\u00e9s, les \u00e9changes et les rapports de travail. Dans le milieu m\u00e9dical notamment, cette acc\u00e9l\u00e9ration digitale a bouscul\u00e9 les habitudes et pouss\u00e9 \u00e0 d\u00e9velopper de nouveaux modes de coop\u00e9ration.<\/p>\n<p>Si la digitalisation a apport\u00e9 de nouvelles solutions, elle a \u00e9galement mis en \u00e9vidence la l\u00e9g\u00e8ret\u00e9 de certaines pratiques en termes de s\u00e9curit\u00e9 et de confidentialit\u00e9. L\u2019avalanche de nouveaux acteurs et de nouvelles donn\u00e9es sur les r\u00e9seaux a attir\u00e9 les convoitises des pirates informatiques, qui ont multipli\u00e9 les attaques. Des campagnes d\u2019hame\u00e7onnage ont ainsi vis\u00e9 les membres de la SVM et mis nos services \u00e0 rude \u00e9preuve durant plusieurs mois.<\/p>\n<p>En 2021, un autre \u00e9v\u00e8nement technique improbable a frapp\u00e9 les installations du CdC. En raison d\u2019un dysfonctionnement interne, le fournisseur h\u00e9bergeant nos donn\u00e9es a perdu un datacenter \u00e0 Gen\u00e8ve. Le syst\u00e8me a heureusement pu \u00eatre r\u00e9tabli \u00e0 partir de sauvegardes mais a fait prendre un retard consid\u00e9rable \u00e0 tous les projets en cours.<\/p>\n<p>Ces circonstances ont pouss\u00e9 la SVM et son CdC \u00e0 prendre des d\u00e9cisions importantes. Premi\u00e8rement, il a \u00e9t\u00e9 d\u00e9cid\u00e9 de changer d\u2019h\u00e9bergeur web en 2022. Les donn\u00e9es seront toujours stock\u00e9es en Suisse, mais r\u00e9parties entre deux centres. Par ailleurs, pour la messagerie, il a \u00e9t\u00e9 d\u00e9cid\u00e9 d\u2019intensifier les discussions en cours depuis des ann\u00e9es avec HIN en vue d\u2019un rapprochement. L\u2019offre de ce prestataire a \u00e9t\u00e9 accept\u00e9e par l\u2019Assembl\u00e9e des d\u00e9l\u00e9gu\u00e9s de novembre, pour une mise en \u0153uvre en 2022. A un tarif n\u00e9goci\u00e9, elle offrira \u00e0 tous les membres de la SVM la possibilit\u00e9 de disposer, pour eux-m\u00eames et leur secr\u00e9tariat, d\u2019un identifiant certifi\u00e9 et de bo\u00eetes e-mail crypt\u00e9es.<\/p>\n<p id=\"archives-bicentenaire\"><strong><span style=\"color: #81292e;\">Archives et (bient\u00f4t) 200e anniversaire de la SVM.<\/span><\/strong> Le travail d\u2019assainissement des archives s\u2019est poursuivi, suite aux d\u00e9g\u00e2ts importants provoqu\u00e9s par un champignon. Heureusement, l\u2019inventaire tr\u00e8s exhaustif qui avait \u00e9t\u00e9 effectu\u00e9 a permis d\u2019en s\u00e9lectionner les parties les plus significatives, qu\u2019il a ensuite fallu congeler et transporter en vue de leur sauvegarde et de leur valorisation. Le reste sera par contre d\u00e9truit, vu les co\u00fbts disproportionn\u00e9s qu\u2019auraient occasionn\u00e9s un traitement complet. Il y a notamment lieu de saluer ici l\u2019excellente collaboration avec les Archives cantonales vaudoises, et surtout celle entam\u00e9e avec l\u2019Institut des Humanit\u00e9s en M\u00e9decine (Mariama Kaba, Prof. Vincent Barras) dans le cadre de la r\u00e9alisation d\u2019un ouvrage historique \u00e0 para\u00eetre en 2029, pour le bicentenaire de la SVM.<\/p>\n<p><strong>En savoir plus sur le <a href=\"https:\/\/www.chuv.ch\/fr\/ihm\/ihm-home\/recherche\/recherches-financees-par-des-tiers\/projet-200-ans-svm\" target=\"_blank\" rel=\"noopener\">projet \u00ab\u00a0200 ans SVM\u00a0\u00bb<\/a><\/strong><br \/>\n<span id=\"communication-home\"><\/span><\/p>\n<p id=\"communication\"><span style=\"color: #81292e;\"><strong>Communication.<\/strong><\/span> En 2021, la SVM a poursuivi son effort de production et relais d\u2019informations \u00e0 destination des membres concernant le <strong>Covid-19<\/strong> (notamment <a href=\"https:\/\/www.svmed.ch\/covid-19\/\" target=\"_blank\" rel=\"noopener\">site web INFOS-COVID<\/a> r\u00e9serv\u00e9 aux membres, newsletters). Une campagne d\u2019annonces dans les m\u00e9dias et sur les canaux SVM a \u00e9galement \u00e9t\u00e9 men\u00e9e d\u00e8s la fin du printemps, afin d\u2019inciter la population \u00e0 parler \u00e0 son m\u00e9decin de cette question.<\/p>\n<p><img loading=\"lazy\" decoding=\"async\" class=\"alignnone wp-image-1436\" src=\"https:\/\/www.svmed.ch\/rapport-2021\/wp-content\/uploads\/sites\/25\/2022\/03\/svm3-scaled.jpg\" alt=\"\" width=\"749\" height=\"500\" srcset=\"https:\/\/www.svmed.ch\/rapport-2021\/wp-content\/uploads\/sites\/25\/2022\/03\/svm3-scaled.jpg 2560w, https:\/\/www.svmed.ch\/rapport-2021\/wp-content\/uploads\/sites\/25\/2022\/03\/svm3-300x200.jpg 300w, https:\/\/www.svmed.ch\/rapport-2021\/wp-content\/uploads\/sites\/25\/2022\/03\/svm3-1024x684.jpg 1024w, https:\/\/www.svmed.ch\/rapport-2021\/wp-content\/uploads\/sites\/25\/2022\/03\/svm3-768x513.jpg 768w, https:\/\/www.svmed.ch\/rapport-2021\/wp-content\/uploads\/sites\/25\/2022\/03\/svm3-1917x1280.jpg 1917w, https:\/\/www.svmed.ch\/rapport-2021\/wp-content\/uploads\/sites\/25\/2022\/03\/svm3-1536x1025.jpg 1536w, https:\/\/www.svmed.ch\/rapport-2021\/wp-content\/uploads\/sites\/25\/2022\/03\/svm3-2048x1367.jpg 2048w\" sizes=\"auto, (max-width: 749px) 100vw, 749px\" \/><\/p>\n<p>Enfin, la SVM a continu\u00e9 \u00e0 b\u00e9n\u00e9ficier d\u2019une int\u00e9ressante <strong>visibilit\u00e9 m\u00e9diatique<\/strong> avec 76 mentions dans la presse (hors interventions dans les m\u00e9dias \u00e9lectroniques), soit moins que le record \u00e9tabli en 2020 (162) en raison notamment de la pand\u00e9mie, mais tout de m\u00eame pr\u00e8s du double qu\u2019avant l\u2019apparition du Covid-19. Son pr\u00e9sident le Dr Philippe Eggimann a encore \u00e9t\u00e9 r\u00e9guli\u00e8rement sollicit\u00e9 pour commenter l\u2019\u00e9volution de la crise sanitaire et sa gestion par les autorit\u00e9s.<\/p>\n<p><iframe loading=\"lazy\" src=\"https:\/\/www.rts.ch\/play\/embed?urn=urn:rts:audio:12495473&amp;subdivisions=false\" width=\"560\" height=\"315\" allowfullscreen=\"allowfullscreen\"><\/iframe><\/p>\n<p>Lanc\u00e9 en 1988 et diffus\u00e9 \u00e0 plus de 4500 exemplaires, le <a href=\"https:\/\/www.svmed.ch\/association\/publications-svm\/courrier-du-medecin-vaudois\/\" target=\"_blank\" rel=\"noopener\">Courrier du m\u00e9decin vaudois<\/a> (CMV) est paru \u00e0 6 reprises en 2021, pour ce qui aura \u00e9t\u00e9 sa derni\u00e8re d\u2019existence\u00a0sous ce titre et cette forme apr\u00e8s 272 num\u00e9ros\u00a0! Une nouvelle formule baptis\u00e9e DOC verra le jour en 2022, \u00e0 un rythme l\u00e9g\u00e8rement r\u00e9duit (4x\/an), mais dor\u00e9navant compl\u00e9t\u00e9e par un vrai magazine en ligne (qui int\u00e9grera aussi le blog des m\u00e9decins vaudois, ouvert en 2018). Comme pour le CMV, la majeure partie des articles de DOC continuera d\u2019\u00eatre r\u00e9dig\u00e9e par des m\u00e9decins, avec des dossiers th\u00e9matiques s\u00e9lectionn\u00e9s par un comit\u00e9 de r\u00e9daction ind\u00e9pendant form\u00e9 de m\u00e9decins membres de la SVM.<\/p>\n<p><a href=\"https:\/\/www.svmed.ch\/svm\/wp-content\/uploads\/2021\/12\/cmv-06-2021-web.pdf\"><img loading=\"lazy\" decoding=\"async\" class=\"alignnone wp-image-1321\" src=\"https:\/\/www.svmed.ch\/rapport-2021\/wp-content\/uploads\/sites\/25\/2022\/01\/cmv6-2021-couverture-dernier-numero.jpg\" class=\"fresco\" data-fresco-caption=\"\" data-fresco-options=\"thumbnails:false\"  alt=\"\" width=\"353\" height=\"500\" srcset=\"https:\/\/www.svmed.ch\/rapport-2021\/wp-content\/uploads\/sites\/25\/2022\/01\/cmv6-2021-couverture-dernier-numero.jpg 1047w, https:\/\/www.svmed.ch\/rapport-2021\/wp-content\/uploads\/sites\/25\/2022\/01\/cmv6-2021-couverture-dernier-numero-212x300.jpg 212w, https:\/\/www.svmed.ch\/rapport-2021\/wp-content\/uploads\/sites\/25\/2022\/01\/cmv6-2021-couverture-dernier-numero-723x1024.jpg 723w, https:\/\/www.svmed.ch\/rapport-2021\/wp-content\/uploads\/sites\/25\/2022\/01\/cmv6-2021-couverture-dernier-numero-768x1087.jpg 768w, https:\/\/www.svmed.ch\/rapport-2021\/wp-content\/uploads\/sites\/25\/2022\/01\/cmv6-2021-couverture-dernier-numero-904x1280.jpg 904w\" sizes=\"auto, (max-width: 353px) 100vw, 353px\" \/><\/a><\/p>\n<p>Plus de 2000 personnes cumul\u00e9es \u00e9taient abonn\u00e9es \u00e0 la fin de l\u2019ann\u00e9e 2021 \u00e0 l\u2019un ou l\u2019autre des <strong>r\u00e9seaux sociaux<\/strong> de la SVM (<a href=\"https:\/\/twitter.com\/SVM_VD\" target=\"_blank\" rel=\"noopener\">Twitter<\/a>, <a href=\"https:\/\/www.linkedin.com\/company\/societe-vaudoise-de-medecine-svm\" target=\"_blank\" rel=\"noopener\">Linkedin<\/a>, <a href=\"https:\/\/www.facebook.com\/svmed.ch\" target=\"_blank\" rel=\"noopener\">page Facebook publique<\/a> et <a href=\"https:\/\/www.facebook.com\/groups\/membresSVM\/\" target=\"_blank\" rel=\"noopener\">groupe priv\u00e9<\/a> r\u00e9serv\u00e9 aux membres). La SVM a continu\u00e9 d\u2019y publier r\u00e9guli\u00e8rement du contenu d\u2019int\u00e9r\u00eat professionnel, adapt\u00e9 aux sp\u00e9cificit\u00e9s et publics de ces diff\u00e9rents r\u00e9seaux.<\/p>\n<p>Vagues pand\u00e9miques successives obligent, l\u2019ann\u00e9e 2021 s\u2019est \u00e0 nouveau r\u00e9v\u00e9l\u00e9e peu propice aux <strong>\u00e9v\u00e8nements collectifs destin\u00e9s aux membres<\/strong>, en particulier au premier semestre. La vie sociale de la SVM en aura souffert, m\u00eame si de nombreux efforts ont \u00e9t\u00e9 accomplis pour conserver le lien autrement avec les membres lors de cette p\u00e9riode, comme par exemple lors d\u2019un webinaire sur la reprise de cabinets au mois de novembre.<\/p>\n<p>Au deuxi\u00e8me semestre, il a n\u00e9anmoins \u00e9t\u00e9 possible de maintenir le 7 octobre la traditionnelle <strong>Journ\u00e9e de la SVM<\/strong>, \u00e0 laquelle plus de 300 m\u00e9decins et partenaires purent assister en pr\u00e9sentiel. Cette 20e \u00e9dition fut consacr\u00e9e \u00e0 la f\u00e9minisation de la m\u00e9decine et notamment \u00e0 l\u2019\u00e9volution de la place des femmes au sein de la profession m\u00e9dicale, aux principaux d\u00e9fis auxquels elles sont aujourd\u2019hui confront\u00e9es et aux perspectives d\u2019avenir.<\/p>\n<div id=\"attachment_1294\" style=\"width: 677px\" class=\"wp-caption alignnone\"><img loading=\"lazy\" decoding=\"async\" aria-describedby=\"caption-attachment-1294\" class=\"wp-image-1294\" src=\"https:\/\/www.svmed.ch\/rapport-2021\/wp-content\/uploads\/sites\/25\/2022\/01\/p-15-journee-svm.jpg\" alt=\"\" width=\"667\" height=\"500\" srcset=\"https:\/\/www.svmed.ch\/rapport-2021\/wp-content\/uploads\/sites\/25\/2022\/01\/p-15-journee-svm.jpg 2560w, https:\/\/www.svmed.ch\/rapport-2021\/wp-content\/uploads\/sites\/25\/2022\/01\/p-15-journee-svm-300x225.jpg 300w, https:\/\/www.svmed.ch\/rapport-2021\/wp-content\/uploads\/sites\/25\/2022\/01\/p-15-journee-svm-1024x768.jpg 1024w, https:\/\/www.svmed.ch\/rapport-2021\/wp-content\/uploads\/sites\/25\/2022\/01\/p-15-journee-svm-768x576.jpg 768w, https:\/\/www.svmed.ch\/rapport-2021\/wp-content\/uploads\/sites\/25\/2022\/01\/p-15-journee-svm-1707x1280.jpg 1707w, https:\/\/www.svmed.ch\/rapport-2021\/wp-content\/uploads\/sites\/25\/2022\/01\/p-15-journee-svm-1536x1152.jpg 1536w, https:\/\/www.svmed.ch\/rapport-2021\/wp-content\/uploads\/sites\/25\/2022\/01\/p-15-journee-svm-2048x1536.jpg 2048w\" sizes=\"auto, (max-width: 667px) 100vw, 667px\" \/><p id=\"caption-attachment-1294\" class=\"wp-caption-text\">\u00a9 Laurent Kaczor<\/p><\/div>\n<p>Enfin, le 9 d\u00e9cembre, la SVM organisa \u00e9galement une <strong>projection priv\u00e9e<\/strong> du magnifique film \u201cDe son vivant\u201d. Plus de 200 membres r\u00e9pondirent \u00e0 l\u2019invitation de la SVM, ainsi que de nombreux \u00e9tudiants en m\u00e9decine membres de l\u2019AEML. La s\u00e9ance fut ponctu\u00e9e par une table ronde avec la participation exceptionnelle en visioconf\u00e9rence du Dr Gabriel Sara, acteur central du film et par ailleurs oncologue-h\u00e9matologue, directeur de l\u2019unit\u00e9 de chimioth\u00e9rapie du tr\u00e8s r\u00e9put\u00e9 h\u00f4pital Mount Sinai \u00e0 New York.<\/p>\n<div id=\"attachment_1290\" style=\"width: 677px\" class=\"wp-caption alignnone\"><img loading=\"lazy\" decoding=\"async\" aria-describedby=\"caption-attachment-1290\" class=\"wp-image-1290\" src=\"https:\/\/www.svmed.ch\/rapport-2021\/wp-content\/uploads\/sites\/25\/2022\/01\/p-15-projection-film.jpg\" alt=\"\" width=\"667\" height=\"500\" srcset=\"https:\/\/www.svmed.ch\/rapport-2021\/wp-content\/uploads\/sites\/25\/2022\/01\/p-15-projection-film.jpg 2560w, https:\/\/www.svmed.ch\/rapport-2021\/wp-content\/uploads\/sites\/25\/2022\/01\/p-15-projection-film-300x225.jpg 300w, https:\/\/www.svmed.ch\/rapport-2021\/wp-content\/uploads\/sites\/25\/2022\/01\/p-15-projection-film-1024x768.jpg 1024w, https:\/\/www.svmed.ch\/rapport-2021\/wp-content\/uploads\/sites\/25\/2022\/01\/p-15-projection-film-768x576.jpg 768w, https:\/\/www.svmed.ch\/rapport-2021\/wp-content\/uploads\/sites\/25\/2022\/01\/p-15-projection-film-1707x1280.jpg 1707w, https:\/\/www.svmed.ch\/rapport-2021\/wp-content\/uploads\/sites\/25\/2022\/01\/p-15-projection-film-1536x1152.jpg 1536w, https:\/\/www.svmed.ch\/rapport-2021\/wp-content\/uploads\/sites\/25\/2022\/01\/p-15-projection-film-2048x1536.jpg 2048w\" sizes=\"auto, (max-width: 667px) 100vw, 667px\" \/><p id=\"caption-attachment-1290\" class=\"wp-caption-text\">\u00a9 Laurent Kaczor<\/p><\/div>\n<\/div>","protected":false},"excerpt":{"rendered":"<p>Par Pierre-Andr\u00e9 Repond, secr\u00e9taire g\u00e9n\u00e9ral de la SVM Sommaire Soci\u00e9t\u00e9 vaudoise de m\u00e9decine\u00a0: vie associative Collectivit\u00e9 des membres Assembl\u00e9e des D\u00e9l\u00e9gu\u00e9s (AD) Comit\u00e9 Conf\u00e9rence des pr\u00e9sidents Secr\u00e9tariat g\u00e9n\u00e9ral Archives et bicentenaire SVM Communication Soci\u00e9t\u00e9 vaudoise de m\u00e9decine\u00a0: vie associative &nbsp; Collectivit\u00e9 des membres. La SVM comptait 3\u2019875 membres \u00e0 fin 2021 (+154), dont 2\u2019981 en [&hellip;]<\/p>\n","protected":false},"author":1,"featured_media":0,"parent":1222,"menu_order":0,"comment_status":"closed","ping_status":"closed","template":"","meta":{"_acf_changed":false,"inline_featured_image":false,"footnotes":""},"class_list":["post-1480","page","type-page","status-publish","hentry"],"acf":[],"publishpress_future_action":{"enabled":false,"date":"2026-04-20 18:48:25","action":"change-status","newStatus":"draft","terms":[],"taxonomy":"","extraData":[]},"publishpress_future_workflow_manual_trigger":{"enabledWorkflows":[]},"_links":{"self":[{"href":"https:\/\/www.svmed.ch\/rapport-2021\/wp-json\/wp\/v2\/pages\/1480","targetHints":{"allow":["GET"]}}],"collection":[{"href":"https:\/\/www.svmed.ch\/rapport-2021\/wp-json\/wp\/v2\/pages"}],"about":[{"href":"https:\/\/www.svmed.ch\/rapport-2021\/wp-json\/wp\/v2\/types\/page"}],"author":[{"embeddable":true,"href":"https:\/\/www.svmed.ch\/rapport-2021\/wp-json\/wp\/v2\/users\/1"}],"replies":[{"embeddable":true,"href":"https:\/\/www.svmed.ch\/rapport-2021\/wp-json\/wp\/v2\/comments?post=1480"}],"version-history":[{"count":7,"href":"https:\/\/www.svmed.ch\/rapport-2021\/wp-json\/wp\/v2\/pages\/1480\/revisions"}],"predecessor-version":[{"id":1522,"href":"https:\/\/www.svmed.ch\/rapport-2021\/wp-json\/wp\/v2\/pages\/1480\/revisions\/1522"}],"up":[{"embeddable":true,"href":"https:\/\/www.svmed.ch\/rapport-2021\/wp-json\/wp\/v2\/pages\/1222"}],"wp:attachment":[{"href":"https:\/\/www.svmed.ch\/rapport-2021\/wp-json\/wp\/v2\/media?parent=1480"}],"curies":[{"name":"wp","href":"https:\/\/api.w.org\/{rel}","templated":true}]}}