{"id":1425,"date":"2022-02-25T15:29:33","date_gmt":"2022-02-25T14:29:33","guid":{"rendered":"https:\/\/www.svmed.ch\/rapport-2022\/?page_id=1425"},"modified":"2023-02-14T12:38:43","modified_gmt":"2023-02-14T11:38:43","slug":"groupement-des-medecins-conseils-des-cms-avasad","status":"publish","type":"page","link":"https:\/\/www.svmed.ch\/rapport-2022\/rapports\/groupement-des-medecins-conseils-des-cms-avasad\/","title":{"rendered":"Groupement des m\u00e9decins-conseils des CMS-AVASAD"},"content":{"rendered":"<div class=\"the-content\"><p>Le groupement rassemble 51 g\u00e9n\u00e9ralistes et 20 psychiatres, m\u00e9decins conseils au sein du dispositif de l\u2019AVASAD que composent les 49 centres m\u00e9dico-sociaux.<\/p>\n<p>Notre groupement s\u2019est r\u00e9uni le 6 octobre 2022 pour \u00e9changer autour du r\u00f4le du m\u00e9decin-conseil qui devrait permettre \u00e0 la fois le d\u00e9veloppement personnel du m\u00e9decin, de part son r\u00f4le d\u2019expert en soins ambulatoires de premier recours, et celui du CMS en tant qu\u2019organisation apprenante, ouverte au dialogue interprofessionnel et souhaitant explorer des situations cliniques pour se d\u00e9velopper.<\/p>\n<p>M. Aeschlimann, qui venait de prendre ses fonctions de secr\u00e9taire g\u00e9n\u00e9ral de la SVM, a assist\u00e9 \u00e0 la r\u00e9union. Nous accueillions \u00e9galement Mme Bres-Bigey, directrice de l\u2019APROMAD, association des CMS de la couronne lausannoise.<\/p>\n<p>La directrice g\u00e9n\u00e9rale de l\u2019AVASAD, Mme Garcia, a expos\u00e9 la vision strat\u00e9gique 2020-2025 du dispositif, \u00e0 savoir \u00e9voluer progressivement d\u2019un service de prestations d\u2019aide et de soins vers un v\u00e9ritable syst\u00e8me de maintien en sant\u00e9 de la population du canton. Il s\u2019agit de s\u2019engager pour le bien vieillir en mettant la pr\u00e9vention au c\u0153ur du soin et de l\u2019aide, en promouvant les comp\u00e9tences en sant\u00e9 des personnes soutenues par le CMS, en les accompagnant avec leurs proches dans leur projet de vie et en d\u00e9veloppant des partenariats avec les institutions communautaires.<\/p>\n<p>Mme Garcia a \u00e9galement pr\u00e9sent\u00e9 la nouvelle prestation de r\u00e9adaptation \u00e0 domicile. Elle consiste en une prise en charge intensive sur une dur\u00e9e d\u00e9finie par une \u00e9quipe pluridisciplinaire disposant de comp\u00e9tences sp\u00e9cialis\u00e9es de r\u00e9adaptation. Un patient souffrant d\u2019une incapacit\u00e9 \u00e0 la suite d\u2019un \u00e9v\u00e8nement aigu de sant\u00e9 doit ainsi pouvoir retrouver une autonomie maximale dans son lieu de vie, en coh\u00e9rence avec son projet de vie. L\u2019objectif est d\u2019offrir graduellement cette prestation dans l\u2019ensemble du canton. Une belle opportunit\u00e9 de renforcer les partenariats avec les m\u00e9decins traitants plus ais\u00e9ment impliqu\u00e9s dans le projet th\u00e9rapeutique, les professionnels de sant\u00e9 d\u2019un territoire (physioth\u00e9rapeutes, m\u00e9decins sp\u00e9cialistes, logop\u00e9distes, etc.), ainsi que les institutions de soins (h\u00f4pitaux, CTR, etc.).<\/p>\n<p><img loading=\"lazy\" decoding=\"async\" class=\"alignnone size-full wp-image-1780\" src=\"https:\/\/www.svmed.ch\/rapport-2022\/wp-content\/uploads\/sites\/28\/2023\/02\/cms-avasad-scaled-1.jpg\" alt=\"\" width=\"2560\" height=\"1920\" srcset=\"https:\/\/www.svmed.ch\/rapport-2022\/wp-content\/uploads\/sites\/28\/2023\/02\/cms-avasad-scaled-1.jpg 2560w, https:\/\/www.svmed.ch\/rapport-2022\/wp-content\/uploads\/sites\/28\/2023\/02\/cms-avasad-scaled-1-300x225.jpg 300w, https:\/\/www.svmed.ch\/rapport-2022\/wp-content\/uploads\/sites\/28\/2023\/02\/cms-avasad-scaled-1-1024x768.jpg 1024w, https:\/\/www.svmed.ch\/rapport-2022\/wp-content\/uploads\/sites\/28\/2023\/02\/cms-avasad-scaled-1-768x576.jpg 768w, https:\/\/www.svmed.ch\/rapport-2022\/wp-content\/uploads\/sites\/28\/2023\/02\/cms-avasad-scaled-1-1707x1280.jpg 1707w, https:\/\/www.svmed.ch\/rapport-2022\/wp-content\/uploads\/sites\/28\/2023\/02\/cms-avasad-scaled-1-1536x1152.jpg 1536w, https:\/\/www.svmed.ch\/rapport-2022\/wp-content\/uploads\/sites\/28\/2023\/02\/cms-avasad-scaled-1-2048x1536.jpg 2048w\" sizes=\"auto, (max-width: 2560px) 100vw, 2560px\" \/><\/p>\n<p>Deux projets au service du bien vieillir ont par ailleurs obtenu le soutien financier de la fondation Leenaards. L\u2019un pour exp\u00e9rimenter\u00a0 des g\u00e9rontechnologies visant \u00e0 lutter contre l\u2019isolement social des seniors et leur permettre des activit\u00e9s en s\u00e9curit\u00e9. L\u2019autre en vue d\u2019\u00e9laborer un programme de formation en promotion de la sant\u00e9 destin\u00e9 \u00e0 l\u2019ensemble du personnel, mais en particulier aux collaborateurs peu qualifi\u00e9s afin qu\u2019ils soutiennent au quotidien les messages de promotion de la sant\u00e9 aupr\u00e8s des personnes aid\u00e9es. Cette d\u00e9marche en faveur du bien vieillir s\u2019inscrit pleinement dans le projet \u00ab\u00a0Vieillir 2030\u00a0\u00bb lanc\u00e9 par le D\u00e9partement de la sant\u00e9 et de l\u2019action sociale (DSAS).<\/p>\n<p>Les colloques cliniques, rar\u00e9fi\u00e9s par la pand\u00e9mie Covid, ont repris en 2022 \u00e0 un rythme et une dur\u00e9e variables selon les CMS.\u00a0Ce mode de collaboration entre m\u00e9decins-conseils CMS, bas\u00e9 principalement sur le colloque clinique, doit \u00eatre repens\u00e9 en renfor\u00e7ant le r\u00f4le d\u2019expert du m\u00e9decin conseil et de ressource de l\u2019\u00e9quipe de soins dans les situations complexes (limites de prise en charge, d\u00e9marches aupr\u00e8s de la Justice de paix, fin de vie, etc.). Les propositions suivantes \u00a0permettraient de mieux utiliser l\u2019expertise des m\u00e9decins conseils\u00a0: leur soumettre avant le colloque les situations \u00a0cliniques \u00a0en utilisant le mod\u00e8le de communication maintenant largement utilis\u00e9 dans les CMS, fond\u00e9 sur le SBAR\u00a0: S situation (faits actuels), B background (faits pass\u00e9s pertinents), A assessment (avis, craintes, suppositions), R recommandations (demande)\u00a0; organiser des ateliers (au niveau des associations et fondations) autour de situations cliniques issues de la pratique, refl\u00e9tant des questionnements voire des dilemmes auxquels les \u00e9quipes sont confront\u00e9es, o\u00f9 le m\u00e9decin conseil aurait un r\u00f4le de supervision et d\u2019argumentation scientifique.<\/p>\n<p>Les m\u00e9decins conseils ont aussi d\u2019autres attributions : promotion des nouvelles prestations aupr\u00e8s de leurs coll\u00e8gues, collaboration \u00e0 des projets communautaires, ou encore m\u00e9diation aupr\u00e8s des m\u00e9decins traitants en cas de difficult\u00e9s de collaboration.<\/p>\n<p>&nbsp;<\/p>\n<p><strong>Dre Patricia Halfon<\/strong><br \/>\nPr\u00e9sidente du Groupement des m\u00e9decins-conseils de CMS-AVASAD<\/p>\n<p><a href=\"https:\/\/www.svmed.ch\/association\/groupements-et-commissions\/groupement-des-medecins-conseils-de-cms-avasad\/\" target=\"_blank\" rel=\"noopener\">En savoir plus sur le Groupement CMS-AVASAD<\/a><\/p>\n<\/div>","protected":false},"excerpt":{"rendered":"<p>Le groupement rassemble 51 g\u00e9n\u00e9ralistes et 20 psychiatres, m\u00e9decins conseils au sein du dispositif de l\u2019AVASAD que composent les 49 centres m\u00e9dico-sociaux. Notre groupement s\u2019est r\u00e9uni le 6 octobre 2022 pour \u00e9changer autour du r\u00f4le du m\u00e9decin-conseil qui devrait permettre \u00e0 la fois le d\u00e9veloppement personnel du m\u00e9decin, de part son r\u00f4le d\u2019expert en soins [&hellip;]<\/p>\n","protected":false},"author":1,"featured_media":0,"parent":18,"menu_order":8,"comment_status":"closed","ping_status":"closed","template":"","meta":{"_acf_changed":false,"inline_featured_image":false,"footnotes":""},"class_list":["post-1425","page","type-page","status-publish","hentry"],"acf":[],"publishpress_future_action":{"enabled":false,"date":"2026-04-20 18:48:44","action":"change-status","newStatus":"draft","terms":[],"taxonomy":"","extraData":[]},"publishpress_future_workflow_manual_trigger":{"enabledWorkflows":[]},"_links":{"self":[{"href":"https:\/\/www.svmed.ch\/rapport-2022\/wp-json\/wp\/v2\/pages\/1425","targetHints":{"allow":["GET"]}}],"collection":[{"href":"https:\/\/www.svmed.ch\/rapport-2022\/wp-json\/wp\/v2\/pages"}],"about":[{"href":"https:\/\/www.svmed.ch\/rapport-2022\/wp-json\/wp\/v2\/types\/page"}],"author":[{"embeddable":true,"href":"https:\/\/www.svmed.ch\/rapport-2022\/wp-json\/wp\/v2\/users\/1"}],"replies":[{"embeddable":true,"href":"https:\/\/www.svmed.ch\/rapport-2022\/wp-json\/wp\/v2\/comments?post=1425"}],"version-history":[{"count":7,"href":"https:\/\/www.svmed.ch\/rapport-2022\/wp-json\/wp\/v2\/pages\/1425\/revisions"}],"predecessor-version":[{"id":1781,"href":"https:\/\/www.svmed.ch\/rapport-2022\/wp-json\/wp\/v2\/pages\/1425\/revisions\/1781"}],"up":[{"embeddable":true,"href":"https:\/\/www.svmed.ch\/rapport-2022\/wp-json\/wp\/v2\/pages\/18"}],"wp:attachment":[{"href":"https:\/\/www.svmed.ch\/rapport-2022\/wp-json\/wp\/v2\/media?parent=1425"}],"curies":[{"name":"wp","href":"https:\/\/api.w.org\/{rel}","templated":true}]}}