{"id":270,"date":"2019-05-07T14:26:35","date_gmt":"2019-05-07T12:26:35","guid":{"rendered":"https:\/\/www.svmed.ch\/rapport-2022\/?page_id=270"},"modified":"2023-01-20T17:36:42","modified_gmt":"2023-01-20T16:36:42","slug":"groupement-des-medecins-scolaires","status":"publish","type":"page","link":"https:\/\/www.svmed.ch\/rapport-2022\/rapports\/groupement-des-medecins-scolaires\/","title":{"rendered":"Groupement des m\u00e9decins scolaires"},"content":{"rendered":"<div class=\"the-content\"><p>Le comit\u00e9 du Groupement des m\u00e9decins scolaires vaudois (GMSV), repr\u00e9sentant tous les m\u00e9decins scolaires du canton aupr\u00e8s de la SVM, s\u2019est r\u00e9uni trois fois pendant l\u2019ann\u00e9e 2022\u00a0: une s\u00e9ance traditionnelle de comit\u00e9 en mars, une s\u00e9ance de comit\u00e9 au mois de juin avec la participation de m\u00e9decins scolaires pour d\u00e9battre de leur r\u00f4le et l\u2019assembl\u00e9e g\u00e9n\u00e9rale suivie d\u2019un forum de discussion en septembre.<\/p>\n<p>Le comit\u00e9 du GMSV se compose de quatre membres. Le Dr Ma\u00ebl Sauter a \u00e9t\u00e9 pr\u00e9sident jusqu\u2019en septembre 2022\u00a0; il a quitt\u00e9 le comit\u00e9 apr\u00e8s un mandat complet et une participation tr\u00e8s appr\u00e9ci\u00e9e de ses coll\u00e8gues. Nous avons en revanche le plaisir d\u2019accueil la Dre Fanny Waelti comme nouvelle membre du comit\u00e9. Malgr\u00e9 cette nomination, un poste reste vacant.<\/p>\n<p>Au cours de l\u2019exercice sous revue, le comit\u00e9 s\u2019est donc pench\u00e9 sur la question du r\u00f4le du m\u00e9decin scolaire. Une scolarit\u00e9 plus inclusive, une augmentation des situations m\u00e9dicales complexes chez les \u00e9coliers et des diff\u00e9rences de prise en charge entre les \u00e9tablissements scolaires soul\u00e8vent plusieurs questions. Nous constatons \u00e9galement des difficult\u00e9s \u00e0 trouver de nouveaux m\u00e9decins scolaires.<\/p>\n<p><img loading=\"lazy\" decoding=\"async\" class=\"alignnone wp-image-1727 size-full\" src=\"https:\/\/www.svmed.ch\/rapport-2022\/wp-content\/uploads\/sites\/28\/2023\/01\/medecin-scolaire-pexels-scaled.jpg\" alt=\"\" width=\"2560\" height=\"1707\" srcset=\"https:\/\/www.svmed.ch\/rapport-2022\/wp-content\/uploads\/sites\/28\/2023\/01\/medecin-scolaire-pexels-scaled.jpg 2560w, https:\/\/www.svmed.ch\/rapport-2022\/wp-content\/uploads\/sites\/28\/2023\/01\/medecin-scolaire-pexels-300x200.jpg 300w, https:\/\/www.svmed.ch\/rapport-2022\/wp-content\/uploads\/sites\/28\/2023\/01\/medecin-scolaire-pexels-1024x683.jpg 1024w, https:\/\/www.svmed.ch\/rapport-2022\/wp-content\/uploads\/sites\/28\/2023\/01\/medecin-scolaire-pexels-768x512.jpg 768w, https:\/\/www.svmed.ch\/rapport-2022\/wp-content\/uploads\/sites\/28\/2023\/01\/medecin-scolaire-pexels-1920x1280.jpg 1920w, https:\/\/www.svmed.ch\/rapport-2022\/wp-content\/uploads\/sites\/28\/2023\/01\/medecin-scolaire-pexels-1536x1024.jpg 1536w, https:\/\/www.svmed.ch\/rapport-2022\/wp-content\/uploads\/sites\/28\/2023\/01\/medecin-scolaire-pexels-2048x1365.jpg 2048w\" sizes=\"auto, (max-width: 2560px) 100vw, 2560px\" \/><\/p>\n<h2>Des missions \u00e0 red\u00e9finir<\/h2>\n<p>Dans ce cadre et dans le contexte de la r\u00e9organisation du syst\u00e8me de la m\u00e9decine scolaire, les m\u00e9decins responsables de l\u2019unit\u00e9 PSPS (unit\u00e9 de promotion de la sant\u00e9 et pr\u00e9vention en milieu scolaire) ont mandat\u00e9 le comit\u00e9 pour red\u00e9finir les missions relatives \u00e0 cette fonction. Il en ressort notamment la n\u00e9cessit\u00e9 d\u2019uniformiser les t\u00e2ches et les prestations du m\u00e9decin scolaire\u00a0et la mise en place d\u2019une formation sp\u00e9cifique.<\/p>\n<p>Le forum a quant \u00e0 lui permis d\u2019\u00e9changer sur la gestion de l\u2019absent\u00e9isme scolaire, du r\u00f4le du m\u00e9decin scolaire dans la transition des jeunes vers les \u00e9coles post-obligatoires, des interactions avec le monde p\u00e9dagogique dans les situations complexes, ou encore de l\u2019int\u00e9gration des enfants ukrainiens.<\/p>\n<p>&nbsp;<\/p>\n<p><strong>Dre M\u00e9lanie Pasche<\/strong><br \/>\nPr\u00e9sidente du Groupement des m\u00e9decins scolaires (GMSV)<\/p>\n<p><a href=\"https:\/\/www.svmed.ch\/association\/groupements-et-commissions\/groupement-des-medecins-scolaires-gmsv\/\" target=\"_blank\" rel=\"noopener noreferrer\">En savoir plus sur le GMSV<\/a><\/p>\n<\/div>","protected":false},"excerpt":{"rendered":"<p>Le comit\u00e9 du Groupement des m\u00e9decins scolaires vaudois (GMSV), repr\u00e9sentant tous les m\u00e9decins scolaires du canton aupr\u00e8s de la SVM, s\u2019est r\u00e9uni trois fois pendant l\u2019ann\u00e9e 2022\u00a0: une s\u00e9ance traditionnelle de comit\u00e9 en mars, une s\u00e9ance de comit\u00e9 au mois de juin avec la participation de m\u00e9decins scolaires pour d\u00e9battre de leur r\u00f4le et l\u2019assembl\u00e9e [&hellip;]<\/p>\n","protected":false},"author":4,"featured_media":0,"parent":18,"menu_order":12,"comment_status":"closed","ping_status":"closed","template":"","meta":{"_acf_changed":false,"inline_featured_image":false,"footnotes":""},"class_list":["post-270","page","type-page","status-publish","hentry"],"acf":[],"publishpress_future_action":{"enabled":false,"date":"2026-04-20 15:32:29","action":"change-status","newStatus":"draft","terms":[],"taxonomy":"","extraData":[]},"publishpress_future_workflow_manual_trigger":{"enabledWorkflows":[]},"_links":{"self":[{"href":"https:\/\/www.svmed.ch\/rapport-2022\/wp-json\/wp\/v2\/pages\/270","targetHints":{"allow":["GET"]}}],"collection":[{"href":"https:\/\/www.svmed.ch\/rapport-2022\/wp-json\/wp\/v2\/pages"}],"about":[{"href":"https:\/\/www.svmed.ch\/rapport-2022\/wp-json\/wp\/v2\/types\/page"}],"author":[{"embeddable":true,"href":"https:\/\/www.svmed.ch\/rapport-2022\/wp-json\/wp\/v2\/users\/4"}],"replies":[{"embeddable":true,"href":"https:\/\/www.svmed.ch\/rapport-2022\/wp-json\/wp\/v2\/comments?post=270"}],"version-history":[{"count":19,"href":"https:\/\/www.svmed.ch\/rapport-2022\/wp-json\/wp\/v2\/pages\/270\/revisions"}],"predecessor-version":[{"id":1728,"href":"https:\/\/www.svmed.ch\/rapport-2022\/wp-json\/wp\/v2\/pages\/270\/revisions\/1728"}],"up":[{"embeddable":true,"href":"https:\/\/www.svmed.ch\/rapport-2022\/wp-json\/wp\/v2\/pages\/18"}],"wp:attachment":[{"href":"https:\/\/www.svmed.ch\/rapport-2022\/wp-json\/wp\/v2\/media?parent=270"}],"curies":[{"name":"wp","href":"https:\/\/api.w.org\/{rel}","templated":true}]}}